{"id":122,"date":"2013-12-04T21:44:56","date_gmt":"2013-12-04T21:44:56","guid":{"rendered":"http:\/\/www.alegro-weltweit.de\/wordpress_neu\/?page_id=122"},"modified":"2019-04-04T12:02:07","modified_gmt":"2019-04-04T11:02:07","slug":"alegro-geht-schulwarts","status":"publish","type":"page","link":"http:\/\/www.alegro-weltweit.de\/wordpress_neu\/alegro-geht-schulwarts\/","title":{"rendered":"Alegro geht schulw\u00e4rts"},"content":{"rendered":"<p>2012 \/ 2013 hat der Alegro eine Programmbegleitma\u00dfnahme durchgef\u00fchrt und Buldungsveranstaltungen an Brandenburger Schulen angeboten.<\/p>\n<h6><strong>Worum ging es<em>?<\/em><\/strong><\/h6>\n<p>Es wurden\u00a0interaktive Workshops f\u00fcr Abschlussklassen in Brandenburger Schulen gestaltet,um die Sch\u00fcler_innen dort f\u00fcr einen internationalen Freiwilligendienst zu begeistern bzw. die M\u00f6glichkeit anzuregen, nach dem Abi \/ Fachabi \/ der Ausbildung ein Jahr ins Ausland zu gehen. Daf\u00fcr haben wir ein Konzept ausgearbeitet und die Unterst\u00fctzung vom weltw\u00e4rts-Sekretariat erhalten.<\/p>\n<p>Bei der Arbeit an den Schulen haben wir erfahren, dass es gerade in l\u00e4ndlichen Gebieten und an Berufsschulen oft Vorbilder fehlen, die einen \u201cUmweg\u201d gehen, anstatt direkt im Ausbildungsprozess weiter zu schreiten. Es war spannend zu sehen, welche Vor- und Nachteile die Sch\u00fclerInnen an einem Freiwilligendienst im Ausland sehen und uns dabei immer auf die doch sehr verschiedenen Zielgruppen einzustellen.<\/p>\n<p>Dieses Programm wurde freundlicherweise vom weltw\u00e4rts-Sekretariat unterst\u00fctzt.<\/p>\n<p style=\"text-align: center;\"><img decoding=\"async\" loading=\"lazy\" class=\"size-full wp-image-282 aligncenter\" src=\"http:\/\/www.alegro-weltweit.de\/wordpress_neu\/wp-content\/uploads\/2013\/06\/RTEmagicC_weltwaerts.jpg.jpg\" alt=\"RTEmagicC_weltwaerts.jpg\" width=\"283\" height=\"166\" \/><\/p>\n<div style=\"height: 640px;\">\n<div style=\"position: absolute;\">\n<p>Hier waren wir schon<img decoding=\"async\" loading=\"lazy\" class=\"aligncenter\" style=\"top: 13px; left: 0px; width: 451px; height: 451px;\" src=\"http:\/\/www.stepmap.de\/getmapimg.php?id=1230925&amp;w=640&amp;m=2\" alt=\"Brandenburg geht weltw\u00e4rts\" usemap=\"#stepmapexportimg1230925_640\" width=\"640\" height=\"640\" border=\"0\" \/><\/p>\n<p>&nbsp;<\/p>\n<\/div>\n<\/div>\n","protected":false},"excerpt":{"rendered":"<p>2012 \/ 2013 hat der Alegro eine Programmbegleitma\u00dfnahme durchgef\u00fchrt und Buldungsveranstaltungen an Brandenburger Schulen angeboten. Worum ging es? Es wurden\u00a0interaktive Workshops f\u00fcr Abschlussklassen in Brandenburger Schulen gestaltet,um die Sch\u00fcler_innen dort<\/p>\n","protected":false},"author":1,"featured_media":0,"parent":0,"menu_order":0,"comment_status":"closed","ping_status":"open","template":"","meta":[],"_links":{"self":[{"href":"http:\/\/www.alegro-weltweit.de\/wordpress_neu\/wp-json\/wp\/v2\/pages\/122"}],"collection":[{"href":"http:\/\/www.alegro-weltweit.de\/wordpress_neu\/wp-json\/wp\/v2\/pages"}],"about":[{"href":"http:\/\/www.alegro-weltweit.de\/wordpress_neu\/wp-json\/wp\/v2\/types\/page"}],"author":[{"embeddable":true,"href":"http:\/\/www.alegro-weltweit.de\/wordpress_neu\/wp-json\/wp\/v2\/users\/1"}],"replies":[{"embeddable":true,"href":"http:\/\/www.alegro-weltweit.de\/wordpress_neu\/wp-json\/wp\/v2\/comments?post=122"}],"version-history":[{"count":8,"href":"http:\/\/www.alegro-weltweit.de\/wordpress_neu\/wp-json\/wp\/v2\/pages\/122\/revisions"}],"predecessor-version":[{"id":2541,"href":"http:\/\/www.alegro-weltweit.de\/wordpress_neu\/wp-json\/wp\/v2\/pages\/122\/revisions\/2541"}],"wp:attachment":[{"href":"http:\/\/www.alegro-weltweit.de\/wordpress_neu\/wp-json\/wp\/v2\/media?parent=122"}],"curies":[{"name":"wp","href":"https:\/\/api.w.org\/{rel}","templated":true}]}}