{"id":1241,"date":"2016-05-03T15:41:46","date_gmt":"2016-05-03T15:41:46","guid":{"rendered":"http:\/\/www.alegro-weltweit.de\/wordpress_neu\/?page_id=1241"},"modified":"2021-06-11T23:46:42","modified_gmt":"2021-06-11T22:46:42","slug":"planerladen-e-v","status":"publish","type":"page","link":"http:\/\/www.alegro-weltweit.de\/wordpress_neu\/einsatzstellen\/planerladen-e-v\/","title":{"rendered":"Planerladen"},"content":{"rendered":"<p><img decoding=\"async\" loading=\"lazy\" class=\"size-medium wp-image-1226 alignright\" src=\"http:\/\/www.alegro-weltweit.de\/wordpress_neu\/wp-content\/uploads\/2016\/05\/Planerladen-300x225.jpg\" alt=\"Planerladen\" width=\"300\" height=\"225\" srcset=\"http:\/\/www.alegro-weltweit.de\/wordpress_neu\/wp-content\/uploads\/2016\/05\/Planerladen-300x225.jpg 300w, http:\/\/www.alegro-weltweit.de\/wordpress_neu\/wp-content\/uploads\/2016\/05\/Planerladen-150x113.jpg 150w, http:\/\/www.alegro-weltweit.de\/wordpress_neu\/wp-content\/uploads\/2016\/05\/Planerladen-768x576.jpg 768w, http:\/\/www.alegro-weltweit.de\/wordpress_neu\/wp-content\/uploads\/2016\/05\/Planerladen.jpg 800w\" sizes=\"(max-width: 300px) 100vw, 300px\" \/>Im Stadtbezirk Innenstadt-Nord sind die Wohnverh\u00e4ltnisse oft beengt und den Kindern und Jugendlichen steht relativ wenig R\u00e4ume f\u00fcr Spiel- und Freizeitm\u00f6glichkeiten zur Verf\u00fcgung. Dort wohnhafte Kinder und Jugendliche haben in den offenen Kinder und Jugendeinrichtungen des Planerladen e.V. (Kezz, JuKi und Stollenpark) eine willkommene Abwechslung und Gestaltungsraum. Die konzeptionelle Ausrichtung der p\u00e4dagogischen Arbeit vor Ort orientiert sich an der Freizeit- und Spielp\u00e4dagogik und wird durch unterschiedliche Ans\u00e4tze aus der offenen Jugendarbeit bereichert.<\/p>\n<p><img decoding=\"async\" loading=\"lazy\" class=\"size-medium wp-image-1227 alignleft\" src=\"http:\/\/www.alegro-weltweit.de\/wordpress_neu\/wp-content\/uploads\/2016\/05\/Planerladen2-300x225.jpg\" alt=\"Planerladen2\" width=\"300\" height=\"225\" srcset=\"http:\/\/www.alegro-weltweit.de\/wordpress_neu\/wp-content\/uploads\/2016\/05\/Planerladen2-300x225.jpg 300w, http:\/\/www.alegro-weltweit.de\/wordpress_neu\/wp-content\/uploads\/2016\/05\/Planerladen2-150x113.jpg 150w, http:\/\/www.alegro-weltweit.de\/wordpress_neu\/wp-content\/uploads\/2016\/05\/Planerladen2-768x576.jpg 768w, http:\/\/www.alegro-weltweit.de\/wordpress_neu\/wp-content\/uploads\/2016\/05\/Planerladen2.jpg 800w\" sizes=\"(max-width: 300px) 100vw, 300px\" \/>Bildungs- und F\u00f6rderangebote (Bildung- und Teilhabepaket) sowie die Kooperation mit Schulen stellen einen inhaltlich wichtigen Schwerpunkt dar. Ziel der sozialp\u00e4dagogischen Arbeit des Planerladen e.V. ist ein Projektangebot, um die Lebenssituation der Kinder und Jugendlichen zu verbessern, soziale Kompetenzen zu entdecken und zu f\u00f6rdern und so ihre Benachteiligung weitestgehend aufzuheben. Durch die aktuelle politische Situation ist insbesondere seit 2015 die Integration von gefl\u00fcchteten Kindern als weiterer Schwerpunkt hinzugekommen.<\/p>\n<p><strong><span lang=\"de-DE\">Aufgaben der*s Freiwilligen<\/span><\/strong><\/p>\n<ul>\n<li>Betreuung der Kinder und Teenager (Musik, Tanzen, Basteln,\u2026)<\/li>\n<\/ul>\n<p><span style=\"font-family: Liberation Sans,sans-serif;\"><span style=\"font-size: medium;\"><img decoding=\"async\" loading=\"lazy\" class=\"size-medium wp-image-1229 alignright\" src=\"http:\/\/www.alegro-weltweit.de\/wordpress_neu\/wp-content\/uploads\/2016\/05\/Stollenpark_innen2-300x225.jpg\" alt=\"Stollenpark_innen2\" width=\"300\" height=\"225\" srcset=\"http:\/\/www.alegro-weltweit.de\/wordpress_neu\/wp-content\/uploads\/2016\/05\/Stollenpark_innen2-300x225.jpg 300w, http:\/\/www.alegro-weltweit.de\/wordpress_neu\/wp-content\/uploads\/2016\/05\/Stollenpark_innen2-150x113.jpg 150w, http:\/\/www.alegro-weltweit.de\/wordpress_neu\/wp-content\/uploads\/2016\/05\/Stollenpark_innen2.jpg 640w\" sizes=\"(max-width: 300px) 100vw, 300px\" \/><\/span><\/span><\/p>\n<ul>\n<li>Konzeptionelle Planung, Organisation und Durchf\u00fchrung von freizeitp\u00e4dagogischen Aktivit\u00e4ten<\/li>\n<li>Unterst\u00fctzung der Mitarbeitenden in der t\u00e4glichen Arbeit<\/li>\n<li>Betreuung der Angebote im offenen Bereich (Kickern, Spielen, Malen, Tischtennis, Billiard,\u2026)<\/li>\n<li>Planung und Durchf\u00fchrung von Ausfl\u00fcgen (Schlittschuhlaufen, Theater,\u2026)<\/li>\n<li>Begleitung und Gestaltung von sportlich p\u00e4dagogischen Projekten (Fu\u00dfball, Basketball, Klettern,\u2026)<\/li>\n<li>Selbstst\u00e4ndiges Leiten von Spielangeboten<\/li>\n<li>Unterst\u00fctzung der Kinder- und Jugendlichen bei Hausaufgaben und Lernschwierigkeiten<\/li>\n<li>Wartung und Instandhaltung der Ger\u00e4te und R\u00e4umlichkeiten<\/li>\n<li>Teilnahme an Teamsitzungen und einer internen Fortbildung<\/li>\n<li>Betreuung der Projekte (Jugendforum und Neuzuwanderer-Jugend in Dortmund)<\/li>\n<\/ul>\n","protected":false},"excerpt":{"rendered":"<p>Im Stadtbezirk Innenstadt-Nord sind die Wohnverh\u00e4ltnisse oft beengt und den Kindern und Jugendlichen steht relativ wenig R\u00e4ume f\u00fcr Spiel- und Freizeitm\u00f6glichkeiten zur Verf\u00fcgung. Dort wohnhafte Kinder und Jugendliche haben in<\/p>\n","protected":false},"author":6,"featured_media":0,"parent":81,"menu_order":0,"comment_status":"closed","ping_status":"closed","template":"","meta":[],"_links":{"self":[{"href":"http:\/\/www.alegro-weltweit.de\/wordpress_neu\/wp-json\/wp\/v2\/pages\/1241"}],"collection":[{"href":"http:\/\/www.alegro-weltweit.de\/wordpress_neu\/wp-json\/wp\/v2\/pages"}],"about":[{"href":"http:\/\/www.alegro-weltweit.de\/wordpress_neu\/wp-json\/wp\/v2\/types\/page"}],"author":[{"embeddable":true,"href":"http:\/\/www.alegro-weltweit.de\/wordpress_neu\/wp-json\/wp\/v2\/users\/6"}],"replies":[{"embeddable":true,"href":"http:\/\/www.alegro-weltweit.de\/wordpress_neu\/wp-json\/wp\/v2\/comments?post=1241"}],"version-history":[{"count":5,"href":"http:\/\/www.alegro-weltweit.de\/wordpress_neu\/wp-json\/wp\/v2\/pages\/1241\/revisions"}],"predecessor-version":[{"id":3105,"href":"http:\/\/www.alegro-weltweit.de\/wordpress_neu\/wp-json\/wp\/v2\/pages\/1241\/revisions\/3105"}],"up":[{"embeddable":true,"href":"http:\/\/www.alegro-weltweit.de\/wordpress_neu\/wp-json\/wp\/v2\/pages\/81"}],"wp:attachment":[{"href":"http:\/\/www.alegro-weltweit.de\/wordpress_neu\/wp-json\/wp\/v2\/media?parent=1241"}],"curies":[{"name":"wp","href":"https:\/\/api.w.org\/{rel}","templated":true}]}}

<p><img decoding="async" loading="lazy" class="size-medium wp-image-1226 alignright" src="http://www.alegro-weltweit.de/wordpress_neu/wp-content/uploads/2016/05/Planerladen-300x225.jpg" alt="Planerladen" width="300" height="225" srcset="http://www.alegro-weltweit.de/wordpress_neu/wp-content/uploads/2016/05/Planerladen-300x225.jpg 300w, http://www.alegro-weltweit.de/wordpress_neu/wp-content/uploads/2016/05/Planerladen-150x113.jpg 150w, http://www.alegro-weltweit.de/wordpress_neu/wp-content/uploads/2016/05/Planerladen-768x576.jpg 768w, http://www.alegro-weltweit.de/wordpress_neu/wp-content/uploads/2016/05/Planerladen.jpg 800w" sizes="(max-width: 300px) 100vw, 300px" />Im Stadtbezirk Innenstadt-Nord sind die Wohnverhältnisse oft beengt und den Kindern und Jugendlichen steht relativ wenig Räume für Spiel- und Freizeitmöglichkeiten zur Verfügung. Dort wohnhafte Kinder und Jugendliche haben in den offenen Kinder und Jugendeinrichtungen des Planerladen e.V. (Kezz, JuKi und Stollenpark) eine willkommene Abwechslung und Gestaltungsraum. Die konzeptionelle Ausrichtung der pädagogischen Arbeit vor Ort orientiert sich an der Freizeit- und Spielpädagogik und wird durch unterschiedliche Ansätze aus der offenen Jugendarbeit bereichert.</p>
<p><img decoding="async" loading="lazy" class="size-medium wp-image-1227 alignleft" src="http://www.alegro-weltweit.de/wordpress_neu/wp-content/uploads/2016/05/Planerladen2-300x225.jpg" alt="Planerladen2" width="300" height="225" srcset="http://www.alegro-weltweit.de/wordpress_neu/wp-content/uploads/2016/05/Planerladen2-300x225.jpg 300w, http://www.alegro-weltweit.de/wordpress_neu/wp-content/uploads/2016/05/Planerladen2-150x113.jpg 150w, http://www.alegro-weltweit.de/wordpress_neu/wp-content/uploads/2016/05/Planerladen2-768x576.jpg 768w, http://www.alegro-weltweit.de/wordpress_neu/wp-content/uploads/2016/05/Planerladen2.jpg 800w" sizes="(max-width: 300px) 100vw, 300px" />Bildungs- und Förderangebote (Bildung- und Teilhabepaket) sowie die Kooperation mit Schulen stellen einen inhaltlich wichtigen Schwerpunkt dar. Ziel der sozialpädagogischen Arbeit des Planerladen e.V. ist ein Projektangebot, um die Lebenssituation der Kinder und Jugendlichen zu verbessern, soziale Kompetenzen zu entdecken und zu fördern und so ihre Benachteiligung weitestgehend aufzuheben. Durch die aktuelle politische Situation ist insbesondere seit 2015 die Integration von geflüchteten Kindern als weiterer Schwerpunkt hinzugekommen.</p>
<p><strong><span lang="de-DE">Aufgaben der*s Freiwilligen</span></strong></p>
<ul>
<li>Betreuung der Kinder und Teenager (Musik, Tanzen, Basteln,…)</li>
</ul>
<p><span style="font-family: Liberation Sans,sans-serif;"><span style="font-size: medium;"><img decoding="async" loading="lazy" class="size-medium wp-image-1229 alignright" src="http://www.alegro-weltweit.de/wordpress_neu/wp-content/uploads/2016/05/Stollenpark_innen2-300x225.jpg" alt="Stollenpark_innen2" width="300" height="225" srcset="http://www.alegro-weltweit.de/wordpress_neu/wp-content/uploads/2016/05/Stollenpark_innen2-300x225.jpg 300w, http://www.alegro-weltweit.de/wordpress_neu/wp-content/uploads/2016/05/Stollenpark_innen2-150x113.jpg 150w, http://www.alegro-weltweit.de/wordpress_neu/wp-content/uploads/2016/05/Stollenpark_innen2.jpg 640w" sizes="(max-width: 300px) 100vw, 300px" /></span></span></p>
<ul>
<li>Konzeptionelle Planung, Organisation und Durchführung von freizeitpädagogischen Aktivitäten</li>
<li>Unterstützung der Mitarbeitenden in der täglichen Arbeit</li>
<li>Betreuung der Angebote im offenen Bereich (Kickern, Spielen, Malen, Tischtennis, Billiard,…)</li>
<li>Planung und Durchführung von Ausflügen (Schlittschuhlaufen, Theater,…)</li>
<li>Begleitung und Gestaltung von sportlich pädagogischen Projekten (Fußball, Basketball, Klettern,…)</li>
<li>Selbstständiges Leiten von Spielangeboten</li>
<li>Unterstützung der Kinder- und Jugendlichen bei Hausaufgaben und Lernschwierigkeiten</li>
<li>Wartung und Instandhaltung der Geräte und Räumlichkeiten</li>
<li>Teilnahme an Teamsitzungen und einer internen Fortbildung</li>
<li>Betreuung der Projekte (Jugendforum und Neuzuwanderer-Jugend in Dortmund)</li>
</ul>

<p>Im Stadtbezirk Innenstadt-Nord sind die Wohnverhältnisse oft beengt und den Kindern und Jugendlichen steht relativ wenig Räume für Spiel- und Freizeitmöglichkeiten zur Verfügung. Dort wohnhafte Kinder und Jugendliche haben in</p>
