{"id":141,"date":"2013-12-05T14:20:23","date_gmt":"2013-12-05T14:20:23","guid":{"rendered":"http:\/\/www.alegro-weltweit.de\/wordpress_neu\/?page_id=141"},"modified":"2021-05-02T00:12:26","modified_gmt":"2021-05-01T23:12:26","slug":"bewerbung_reverse_espanol","status":"publish","type":"page","link":"http:\/\/www.alegro-weltweit.de\/wordpress_neu\/bewerbung_reverse_espanol\/","title":{"rendered":"\u00bfC\u00f3mo solicitarlo?"},"content":{"rendered":"<address>\u00bfTienes ganas de vivir una experiencia \u00fanica?<\/address>\n<address>\u00bfQuieres comprometerte y dedicarte con todo el coraz\u00f3n a lo que haces?<\/address>\n<address>\u00bfTe interesa el trabajo pr\u00e1ctico en \u00e1reas sociales o ecol\u00f3gicas?<\/address>\n<address>\u00bfTe gustar\u00eda aprender alem\u00e1n?<\/address>\n<address>\u00bfEres ecuatorianx y tienes entre 18 y 29 a\u00f1os de edad?<\/address>\n<address>\u00a0<\/address>\n<p><strong>*** La pr\u00f3xima posibilidad de aplicar para un voluntariado probablemente ser\u00e1 en diciembre de 2021 ***<\/strong><\/p>\n<p><strong>\u00bfCu\u00e1les son los requisitos?<\/strong><br \/>\n\u2022 Tener entre 18 y 29 a\u00f1os.<br \/>\n\u2022 Carta de Motivaci\u00f3n (de calquier forma: escrita, audio, video, pintada)<br \/>\n\u2022 Haber culminado el bachillerato<br \/>\n\u2022 Hoja de vida actualizada<br \/>\n\u2022 Nacionalidad ecuatoriana o autorizaci\u00f3n de residencia permanente<\/p>\n<p>\u2022 Llenar y enviar el formulario de aplicaci\u00f3n completo y responder las preguntas adjuntas hasta la fecha establecida.<\/p>\n<p>Las personas interesadas pueden descargar y llenar el formulario de aplicaci\u00f3n (<a href=\"https:\/\/l.facebook.com\/l.php?u=https%3A%2F%2Fdocs.google.com%2Fuc%3Fexport%3Ddowload%26id%3D17CCATo5I5LdaJTkhcW3oVhqhxNnEfgQk&amp;h=ATMFR3VEsZgSv-bPEgzRVkscVnFCjVKA9DABxvgwiZkiaPtJSDen6nt2fW72wzMXQlyA9j8VijRkGi85q3m5dWlQOsF1XRbn4qSE4vMX_mkgh_jp678F-g5DyuTcuv9F0cRyYV4DxHSP_Zc-brFaKXLRJgSzZZfTrXcGHxE7MoxNoTQLa4BO3EFErmFPoAVci3-AVjldwBSruuPNyAhkns40MaF1ajxqHwtyOTBGQC_YYFqX5Ifsurmoftm6UB3jPAyi2QEwYv0IleGSa8j-\">aqu\u00ed<\/a>)<\/p>\n<p><strong>\u00bfC\u00f3mo es el proceso de selecci\u00f3n?<\/strong><br \/>\nLas aplicaciones se recibir\u00e1n hasta una cierta fecha. En ese momento a\u00fan no empez\u00f3 el proceso para una nueva generaci\u00f3n.<br \/>\nUna vez llegada la fecha l\u00edmite, se leer\u00e1n y analizar\u00e1n todas las aplicaciones de las cuales se realizar\u00e1 una pre-selecci\u00f3n, para continuar en el proceso de selecci\u00f3n final. Las personas preseleccionadas est\u00e1n invitadas a asistir a un seminario de selecci\u00f3n, donde se escoger\u00e1 a las personas que viajar\u00e1n a Alemania. Con ellas continuaremos el proceso de formaci\u00f3n y preparaci\u00f3n. Los resultados y criterios de selecci\u00f3n son confidenciales y solo se compartir\u00e1n con el aplicante.<\/p>\n<p>Si deseas que esta informaci\u00f3n se comparta en tu organizaci\u00f3n o comunidad comun\u00edcate con nosotros al siguiente correo electr\u00f3nico <a href=\"mailto:ecuador@alegro-welweit.de\">ecuador@alegro-weltweit.de<\/a> estaremos gustosxs de atender tu requerimiento.<\/p>\n","protected":false},"excerpt":{"rendered":"<p>\u00bfTienes ganas de vivir una experiencia \u00fanica? \u00bfQuieres comprometerte y dedicarte con todo el coraz\u00f3n a lo que haces? \u00bfTe interesa el trabajo pr\u00e1ctico en \u00e1reas sociales o ecol\u00f3gicas? \u00bfTe<\/p>\n","protected":false},"author":1,"featured_media":0,"parent":0,"menu_order":0,"comment_status":"closed","ping_status":"closed","template":"","meta":[],"_links":{"self":[{"href":"http:\/\/www.alegro-weltweit.de\/wordpress_neu\/wp-json\/wp\/v2\/pages\/141"}],"collection":[{"href":"http:\/\/www.alegro-weltweit.de\/wordpress_neu\/wp-json\/wp\/v2\/pages"}],"about":[{"href":"http:\/\/www.alegro-weltweit.de\/wordpress_neu\/wp-json\/wp\/v2\/types\/page"}],"author":[{"embeddable":true,"href":"http:\/\/www.alegro-weltweit.de\/wordpress_neu\/wp-json\/wp\/v2\/users\/1"}],"replies":[{"embeddable":true,"href":"http:\/\/www.alegro-weltweit.de\/wordpress_neu\/wp-json\/wp\/v2\/comments?post=141"}],"version-history":[{"count":19,"href":"http:\/\/www.alegro-weltweit.de\/wordpress_neu\/wp-json\/wp\/v2\/pages\/141\/revisions"}],"predecessor-version":[{"id":3545,"href":"http:\/\/www.alegro-weltweit.de\/wordpress_neu\/wp-json\/wp\/v2\/pages\/141\/revisions\/3545"}],"wp:attachment":[{"href":"http:\/\/www.alegro-weltweit.de\/wordpress_neu\/wp-json\/wp\/v2\/media?parent=141"}],"curies":[{"name":"wp","href":"https:\/\/api.w.org\/{rel}","templated":true}]}}