{"id":1418,"date":"2016-12-09T11:15:04","date_gmt":"2016-12-09T11:15:04","guid":{"rendered":"http:\/\/www.alegro-weltweit.de\/wordpress_neu\/?page_id=1418"},"modified":"2019-01-25T21:45:43","modified_gmt":"2019-01-25T20:45:43","slug":"mosambik","status":"publish","type":"page","link":"http:\/\/www.alegro-weltweit.de\/wordpress_neu\/mosambik\/","title":{"rendered":"Mosambik"},"content":{"rendered":"<p>In Mosambik werden wir voraussichtlich in folgende Einsatzstellen entsenden:<\/p>\n<p><strong>Kunst &amp; Kultur<\/strong><\/p>\n<p><a href=\"http:\/\/www.alegro-weltweit.de\/wordpress_neu\/associacao-iverca\/\">Associa\u00e7\u00e3o IVERCA \u2013 Turismo, Cultura e Meio Ambiente<\/a><\/p>\n<p><a href=\"http:\/\/www.alegro-weltweit.de\/wordpress_neu\/xitata-atelier-escola-de-lutheria\/\">Xitata \u2013 atelier escola de lutheria<\/a><\/p>\n<p>&nbsp;<\/p>\n<p><strong>Umweltbildung<\/strong><\/p>\n<p><a href=\"http:\/\/www.alegro-weltweit.de\/wordpress_neu\/mosambik\/associacao-mocambicana-de-reciclagem\/\">Associa\u00e7\u00e3o Mo\u00e7ambicana de Reciclagem<\/a><\/p>\n<p><a href=\"http:\/\/www.alegro-weltweit.de\/wordpress_neu\/cooperativa-de-educacao-ambiental-repensar\/\">Cooperativa de Educa\u00e7\u00e3o Ambiental Repensar<\/a><\/p>\n<p>&nbsp;<\/p>\n<p><strong>Kinder- und Jugendarbeit<\/strong><\/p>\n<p><a href=\"http:\/\/www.alegro-weltweit.de\/wordpress_neu\/associacao-khandlelo\/\">Associa\u00e7\u00e3o Khandlelo<\/a><\/p>\n<p>&nbsp;<\/p>\n<p><strong>Frauenrechte<\/strong><\/p>\n<p><a href=\"http:\/\/www.alegro-weltweit.de\/wordpress_neu\/muleide-associacao\/\">Muleide Associa\u00e7\u00e3o<\/a><\/p>\n<p>&nbsp;<\/p>\n<p>Alle Einsatzstellen befinden sich in der Hauptstadt Maputo.<\/p>\n","protected":false},"excerpt":{"rendered":"<p>In Mosambik werden wir voraussichtlich in folgende Einsatzstellen entsenden: Kunst &amp; Kultur Associa\u00e7\u00e3o IVERCA \u2013 Turismo, Cultura e Meio Ambiente Xitata \u2013 atelier escola de lutheria &nbsp; Umweltbildung Associa\u00e7\u00e3o Mo\u00e7ambicana<\/p>\n","protected":false},"author":6,"featured_media":0,"parent":0,"menu_order":0,"comment_status":"closed","ping_status":"closed","template":"","meta":[],"_links":{"self":[{"href":"http:\/\/www.alegro-weltweit.de\/wordpress_neu\/wp-json\/wp\/v2\/pages\/1418"}],"collection":[{"href":"http:\/\/www.alegro-weltweit.de\/wordpress_neu\/wp-json\/wp\/v2\/pages"}],"about":[{"href":"http:\/\/www.alegro-weltweit.de\/wordpress_neu\/wp-json\/wp\/v2\/types\/page"}],"author":[{"embeddable":true,"href":"http:\/\/www.alegro-weltweit.de\/wordpress_neu\/wp-json\/wp\/v2\/users\/6"}],"replies":[{"embeddable":true,"href":"http:\/\/www.alegro-weltweit.de\/wordpress_neu\/wp-json\/wp\/v2\/comments?post=1418"}],"version-history":[{"count":28,"href":"http:\/\/www.alegro-weltweit.de\/wordpress_neu\/wp-json\/wp\/v2\/pages\/1418\/revisions"}],"predecessor-version":[{"id":2473,"href":"http:\/\/www.alegro-weltweit.de\/wordpress_neu\/wp-json\/wp\/v2\/pages\/1418\/revisions\/2473"}],"wp:attachment":[{"href":"http:\/\/www.alegro-weltweit.de\/wordpress_neu\/wp-json\/wp\/v2\/media?parent=1418"}],"curies":[{"name":"wp","href":"https:\/\/api.w.org\/{rel}","templated":true}]}}