{"id":1428,"date":"2016-12-09T11:22:52","date_gmt":"2016-12-09T11:22:52","guid":{"rendered":"http:\/\/www.alegro-weltweit.de\/wordpress_neu\/?page_id=1428"},"modified":"2021-02-28T13:12:05","modified_gmt":"2021-02-28T12:12:05","slug":"associacao-mocambicana-de-reciclagem","status":"publish","type":"page","link":"http:\/\/www.alegro-weltweit.de\/wordpress_neu\/mosambik\/associacao-mocambicana-de-reciclagem\/","title":{"rendered":"Associa\u00e7\u00e3o Mo\u00e7ambicana de Reciclagem"},"content":{"rendered":"<p><span style=\"font-family: Times New Roman, serif;\"><span style=\"font-size: medium;\">AMOR ist eine Vereinigung, die das Recycling und die Verwertung von Abf\u00e4llen f\u00f6rdert. Das junge Team setzt sich f\u00fcr eine saubere Landschaft und einen nachhaltigen Umgang mit Abf\u00e4llen ein, getreu dem Motto &#8222;Reduce, Reuse, Recycle&#8220;.<\/span><\/span><\/p>\n<p><img decoding=\"async\" loading=\"lazy\" class=\"size-medium wp-image-2082 alignright\" src=\"http:\/\/www.alegro-weltweit.de\/wordpress_neu\/wp-content\/uploads\/2016\/12\/AMOR-1-300x240.png\" alt=\"\" width=\"300\" height=\"240\"><\/p>\n<p><span style=\"font-family: Times New Roman, serif;\"><span style=\"font-size: medium;\">In Maputo und anderen St\u00e4dten Mosambiks hat AMOR Recyclingstellen eingerichtet, an denen wiederverwertbare Abf\u00e4lle gesammelt werden. Um das Thema Recycling noch attraktiver zu gestalten, wurden K\u00fcnstler in die Dekoration der Abfallsammelstellen einbezogen. Ein weiterer Schwerpunkt des Vereins ist die Umweltbildung. AMOR begleitet unter anderem Umweltworkshops in Schulen in Maputo und Beira. In diesen Workshops lernen die Sch\u00fcler, wie sie Abfall vermeiden und aus alten Dingen etwas Neues machen k\u00f6nnen. Auch im Bereich der Textilien werden recycelte Rohstoffe verwendet und jungen Menschen, die sich f\u00fcr Mode interessieren, die notwendigen Techniken vermittelt. <\/span><\/span><\/p>\n<p><img decoding=\"async\" loading=\"lazy\" class=\"wp-image-2081  alignleft\" src=\"http:\/\/www.alegro-weltweit.de\/wordpress_neu\/wp-content\/uploads\/2016\/12\/Amor-2-300x225.jpg\" alt=\"\" width=\"298\" height=\"224\" srcset=\"http:\/\/www.alegro-weltweit.de\/wordpress_neu\/wp-content\/uploads\/2016\/12\/Amor-2-300x225.jpg 300w, http:\/\/www.alegro-weltweit.de\/wordpress_neu\/wp-content\/uploads\/2016\/12\/Amor-2-150x113.jpg 150w, http:\/\/www.alegro-weltweit.de\/wordpress_neu\/wp-content\/uploads\/2016\/12\/Amor-2-768x576.jpg 768w, http:\/\/www.alegro-weltweit.de\/wordpress_neu\/wp-content\/uploads\/2016\/12\/Amor-2-1024x768.jpg 1024w, http:\/\/www.alegro-weltweit.de\/wordpress_neu\/wp-content\/uploads\/2016\/12\/Amor-2.jpg 1136w\" sizes=\"(max-width: 298px) 100vw, 298px\" \/><\/p>\n<p><span style=\"font-family: Times New Roman, serif;\"><span style=\"font-size: medium;\">Freiwillige k\u00f6nnen sich entsprechend ihrer Interessen und Vorkenntnisse bei AMOR einbringen. Besonders erw\u00fcnscht ist die Unterst\u00fctzung des Projekts im Bereich der \u00d6ffentlichkeitsarbeit. Zu den Aufgaben geh\u00f6ren das Fotografieren, das Erstellen von Videos und die Pflege der Homepage und der Facebook-Seite. Neben den Aufgaben im B\u00fcro wird der Freiwillige die GA in Schulen unterst\u00fctzen und gemeinsam mit den Sch\u00fclern Projekte entwickeln. Freiwillige, die sich f\u00fcr Lobbyarbeit interessieren, k\u00f6nnen auch mit der Regierung und privaten Unternehmen zusammenarbeiten, um Informationen \u00fcber diesen Teil der Arbeit der NGO zu erhalten.<\/span><\/span><\/p>\n<p><b>In dieser Einsatzstelle k\u00f6nnen sich besonders gut Menschen einbringen, die\u2026<\/b><\/p>\n<ul>\n<li><span style=\"font-family: Times New Roman, serif;\"><span style=\"font-size: medium;\">ein starkes Interesse an Umwelterziehung und Abfallwirtschaft haben<\/span><\/span><\/li>\n<li><span style=\"font-family: Times New Roman, serif;\"><span style=\"font-size: medium;\">gerne mit Kindern und Jugendlichen arbeiten.<\/span><\/span><\/li>\n<li><span style=\"font-family: Times New Roman, serif;\"><span style=\"font-size: medium;\">Interesse an der Arbeit in Gemeinden haben.<\/span><\/span><\/li>\n<li><span style=\"font-family: Times New Roman, serif;\"><span style=\"font-size: medium;\">\u00fcber Grundkenntnisse der portugiesischen Sprache und gute Kenntnisse der englischen Sprache verf\u00fcgen.<\/span><\/span><\/li>\n<li><span style=\"font-family: Times New Roman, serif;\"><span style=\"font-size: medium;\">selbstst\u00e4ndig und kreativ sind und den Wunsch haben, Projekte mit zu entwickeln und zu gestalten.<\/span><\/span><\/li>\n<li><span style=\"font-family: Times New Roman, serif;\"><span style=\"font-size: medium;\">Proaktiv sind und eine gute F\u00e4higkeit haben, sich an unterschiedliche Arbeitsumgebungen anzupassen.<\/span><\/span><\/li>\n<li><span style=\"font-family: Times New Roman, serif;\"><span style=\"font-size: medium;\">Erfahrung in der Datenanalyse mit Computerprogrammen haben (Excel oder andere Statistikprogramme).<\/span><\/span><\/li>\n<li><span style=\"font-family: Times New Roman, serif;\"><span style=\"font-size: medium;\">Erfahrung oder Interesse an der Entwicklung von Spendenantr\u00e4gen f\u00fcr Finanzakquise haben.<\/span><\/span><\/li>\n<\/ul>\n","protected":false},"excerpt":{"rendered":"<p>AMOR ist eine Vereinigung, die das Recycling und die Verwertung von Abf\u00e4llen f\u00f6rdert. Das junge Team setzt sich f\u00fcr eine saubere Landschaft und einen nachhaltigen Umgang mit Abf\u00e4llen ein, getreu<\/p>\n","protected":false},"author":6,"featured_media":0,"parent":1418,"menu_order":0,"comment_status":"closed","ping_status":"closed","template":"","meta":[],"_links":{"self":[{"href":"http:\/\/www.alegro-weltweit.de\/wordpress_neu\/wp-json\/wp\/v2\/pages\/1428"}],"collection":[{"href":"http:\/\/www.alegro-weltweit.de\/wordpress_neu\/wp-json\/wp\/v2\/pages"}],"about":[{"href":"http:\/\/www.alegro-weltweit.de\/wordpress_neu\/wp-json\/wp\/v2\/types\/page"}],"author":[{"embeddable":true,"href":"http:\/\/www.alegro-weltweit.de\/wordpress_neu\/wp-json\/wp\/v2\/users\/6"}],"replies":[{"embeddable":true,"href":"http:\/\/www.alegro-weltweit.de\/wordpress_neu\/wp-json\/wp\/v2\/comments?post=1428"}],"version-history":[{"count":11,"href":"http:\/\/www.alegro-weltweit.de\/wordpress_neu\/wp-json\/wp\/v2\/pages\/1428\/revisions"}],"predecessor-version":[{"id":3347,"href":"http:\/\/www.alegro-weltweit.de\/wordpress_neu\/wp-json\/wp\/v2\/pages\/1428\/revisions\/3347"}],"up":[{"embeddable":true,"href":"http:\/\/www.alegro-weltweit.de\/wordpress_neu\/wp-json\/wp\/v2\/pages\/1418"}],"wp:attachment":[{"href":"http:\/\/www.alegro-weltweit.de\/wordpress_neu\/wp-json\/wp\/v2\/media?parent=1428"}],"curies":[{"name":"wp","href":"https:\/\/api.w.org\/{rel}","templated":true}]}}