{"id":151,"date":"2013-12-05T14:22:56","date_gmt":"2013-12-05T14:22:56","guid":{"rendered":"http:\/\/www.alegro-weltweit.de\/wordpress_neu\/?page_id=151"},"modified":"2020-11-03T19:11:59","modified_gmt":"2020-11-03T18:11:59","slug":"einsatzstelle_3_reverse","status":"publish","type":"page","link":"http:\/\/www.alegro-weltweit.de\/wordpress_neu\/einsatzstelle_3_reverse\/","title":{"rendered":"Kinderbauernhof Pinke Panke"},"content":{"rendered":"<p><img decoding=\"async\" src=\"http:\/\/www.alegro-weltweit.de\/wordpress_neu\/wp-content\/uploads\/2013\/11\/Pinke_Panke07.jpg\" alt=\"Pinke_Panke07\" \/><\/p>\n<p>Freiwilligkeit, Ver\u00e4nderbarkeit, Vielf\u00e4ltigkeit und Offenheit pr\u00e4gen das Projekt. Auf dem Kinderbauernhof im Norden Berlins k\u00f6nnen Kinder aus der Stadt, die nicht daran gew\u00f6hnt sind, viel Zeit in der Natur zu verbringen, die Umwelt kennenlernen. Au\u00dferdem hilft die Einrichtung Kindern aus dem Viertel in \u00f6konomischen oder famili\u00e4ren Notsituationen.<\/p>\n<p>Das Grundst\u00fcck ist sehr gro\u00df und beherbergt etwa 70 Esel, Hasen, Schweine, Schafe, Enten, H\u00fchner und Katzen sowie eine gro\u00dfe Vielfalt an Pflanzen. Die Kinder k\u00f6nnen im Garten arbeiten oder die angebauten Kr\u00e4uter, Fr\u00fcchte und das Gem\u00fcse zum Kochen benutzen. Weiterhin werden unterschiedliche Workshops angeboten, in denen zum Beispiel Brot gebacken, get\u00f6pfert, oder Materialien wie Holz, Wolle und Farben zur Herstellung von Spielen oder Figuren gebraucht werden. Es gibt auch ein Gebiet, wo die Kinder Spielh\u00e4user aus Holz bauen k\u00f6nnen und Lagerfeuer gemacht werden kann.<\/p>\n<p>Der*die Freiwillige kann die Arbeit in den unterschiedlichen Sektoren des Kinderbauernhofes kennenlernen und je nach Interessen und F\u00e4higkeiten unterst\u00fctzen.<\/p>\n<p><img decoding=\"async\" class=\"alignleft\" src=\"http:\/\/www.alegro-weltweit.de\/wordpress_neu\/wp-content\/uploads\/2013\/11\/Pinke_Panke04-300x225.jpg\" alt=\"Pinke_Panke04\" \/><\/p>\n<p>Das Team des Projektes w\u00fcnscht sich eine Person, die aktiv und kreativ ist und gerne mit Kindern arbeitet. Ein Interesse an Tieren und Natur sowie Erfahrung mit handwerklichen Arbeiten (besonders mit Holz) w\u00e4re weiterhin sehr n\u00fctzlich. Die Arbeitszeiten sind sehr flexibel; es kann sein, dass der*die Freiwillige am Samstag arbeiten muss, in der folgenden Woche wird das mit einem freien Tag kompensiert.<\/p>\n<p>&nbsp;<\/p>\n<p>&nbsp;<\/p>\n<p>&nbsp;<\/p>\n<p>&nbsp;<\/p>\n<p>&nbsp;<\/p>\n","protected":false},"excerpt":{"rendered":"<p>Freiwilligkeit, Ver\u00e4nderbarkeit, Vielf\u00e4ltigkeit und Offenheit pr\u00e4gen das Projekt. Auf dem Kinderbauernhof im Norden Berlins k\u00f6nnen Kinder aus der Stadt, die nicht daran gew\u00f6hnt sind, viel Zeit in der Natur zu<\/p>\n","protected":false},"author":1,"featured_media":0,"parent":0,"menu_order":0,"comment_status":"closed","ping_status":"open","template":"","meta":[],"_links":{"self":[{"href":"http:\/\/www.alegro-weltweit.de\/wordpress_neu\/wp-json\/wp\/v2\/pages\/151"}],"collection":[{"href":"http:\/\/www.alegro-weltweit.de\/wordpress_neu\/wp-json\/wp\/v2\/pages"}],"about":[{"href":"http:\/\/www.alegro-weltweit.de\/wordpress_neu\/wp-json\/wp\/v2\/types\/page"}],"author":[{"embeddable":true,"href":"http:\/\/www.alegro-weltweit.de\/wordpress_neu\/wp-json\/wp\/v2\/users\/1"}],"replies":[{"embeddable":true,"href":"http:\/\/www.alegro-weltweit.de\/wordpress_neu\/wp-json\/wp\/v2\/comments?post=151"}],"version-history":[{"count":6,"href":"http:\/\/www.alegro-weltweit.de\/wordpress_neu\/wp-json\/wp\/v2\/pages\/151\/revisions"}],"predecessor-version":[{"id":3110,"href":"http:\/\/www.alegro-weltweit.de\/wordpress_neu\/wp-json\/wp\/v2\/pages\/151\/revisions\/3110"}],"wp:attachment":[{"href":"http:\/\/www.alegro-weltweit.de\/wordpress_neu\/wp-json\/wp\/v2\/media?parent=151"}],"curies":[{"name":"wp","href":"https:\/\/api.w.org\/{rel}","templated":true}]}}