{"id":2015,"date":"2018-02-07T15:15:26","date_gmt":"2018-02-07T14:15:26","guid":{"rendered":"http:\/\/www.alegro-weltweit.de\/wordpress_neu\/?page_id=2015"},"modified":"2020-11-03T19:14:24","modified_gmt":"2020-11-03T18:14:24","slug":"initiative-bauen-wohnen-arbeiten-projekt-mit-wohnungslosen-menschen","status":"publish","type":"page","link":"http:\/\/www.alegro-weltweit.de\/wordpress_neu\/einsatzstellen\/initiative-bauen-wohnen-arbeiten-projekt-mit-wohnungslosen-menschen\/","title":{"rendered":"Initiative Bauen Wohnen Arbeiten"},"content":{"rendered":"<p><span lang=\"DE\">Die Initiative Bauen Wohnen Arbeiten e.V. in K\u00f6ln arbeitet mit ehemalig wohnungslosen und langzeitarbeitslosen Menschen. Viele dieser Menschen sind auf die eine oder andere Weise beruflich, sozial, k\u00f6rperlich oder psychischen benachteiligt oder eingeschr\u00e4nkt.<\/span><\/p>\n<p>Der Schwerpunkt liegt auf der Unterst\u00fctzung bei Suchtproblemen und psychischen Herausforderungen. Dabei wird Hilfe zur Selbsthilfe gegeben &#8211; die Selbst\u00e4ndigkeit und Unabh\u00e4ngigkeit der Menschen wird gef\u00f6rdert, um den Menschen in ihren verschiedensten Situationen neue M\u00f6glichkeiten zu er\u00f6ffnen. Zielgruppe sind Familien, Erwachsene, \u00e4ltere Menschen und Menschen mit Behinderung.<\/p>\n<p><span lang=\"DE\">Den Menschen wird im Projekt ein Raum zum Wohnen und Arbeiten gegeben. Ihnen werden au\u00dferdem Sozialberatungen und berufsqualifizierenden Ma\u00dfnahmen angeboten. Gearbeitet wird im Bau, in der Holz- und Metallwerkstatt, im Garten, mit Tieren, in der Gastronomie, im Service, als Reinigungskraft, in der Kinderbetreuung oder im B\u00fcro. <\/span><\/p>\n<p>Der*die Freiwillige hat ein breites und abwechslungsreiches T\u00e4tigkeitsfeld. Die Person kann in jedem der genannten Breiche arbeiten und den Menschen, die in diesem Projekt unterst\u00fctzt werden, dabei unter die Arme greifen.<\/p>\n<p>Der*die Freiwillige hat in diesem Projekt die Chance, eine der Lebensrealit\u00e4ten in Deutschland kennenzulernen.<\/p>\n<p>Mehr Informationen: <a href=\"http:\/\/www.bauenwohnenarbeiten.de\/\">http:\/\/www.bauenwohnenarbeiten.de\/<\/a><\/p>\n","protected":false},"excerpt":{"rendered":"<p>Die Initiative Bauen Wohnen Arbeiten e.V. in K\u00f6ln arbeitet mit ehemalig wohnungslosen und langzeitarbeitslosen Menschen. Viele dieser Menschen sind auf die eine oder andere Weise beruflich, sozial, k\u00f6rperlich oder psychischen<\/p>\n","protected":false},"author":14,"featured_media":0,"parent":81,"menu_order":0,"comment_status":"closed","ping_status":"closed","template":"","meta":[],"_links":{"self":[{"href":"http:\/\/www.alegro-weltweit.de\/wordpress_neu\/wp-json\/wp\/v2\/pages\/2015"}],"collection":[{"href":"http:\/\/www.alegro-weltweit.de\/wordpress_neu\/wp-json\/wp\/v2\/pages"}],"about":[{"href":"http:\/\/www.alegro-weltweit.de\/wordpress_neu\/wp-json\/wp\/v2\/types\/page"}],"author":[{"embeddable":true,"href":"http:\/\/www.alegro-weltweit.de\/wordpress_neu\/wp-json\/wp\/v2\/users\/14"}],"replies":[{"embeddable":true,"href":"http:\/\/www.alegro-weltweit.de\/wordpress_neu\/wp-json\/wp\/v2\/comments?post=2015"}],"version-history":[{"count":4,"href":"http:\/\/www.alegro-weltweit.de\/wordpress_neu\/wp-json\/wp\/v2\/pages\/2015\/revisions"}],"predecessor-version":[{"id":3112,"href":"http:\/\/www.alegro-weltweit.de\/wordpress_neu\/wp-json\/wp\/v2\/pages\/2015\/revisions\/3112"}],"up":[{"embeddable":true,"href":"http:\/\/www.alegro-weltweit.de\/wordpress_neu\/wp-json\/wp\/v2\/pages\/81"}],"wp:attachment":[{"href":"http:\/\/www.alegro-weltweit.de\/wordpress_neu\/wp-json\/wp\/v2\/media?parent=2015"}],"curies":[{"name":"wp","href":"https:\/\/api.w.org\/{rel}","templated":true}]}}