{"id":3312,"date":"2021-01-12T17:24:45","date_gmt":"2021-01-12T16:24:45","guid":{"rendered":"http:\/\/www.alegro-weltweit.de\/wordpress_neu\/?page_id=3312"},"modified":"2021-01-12T17:24:46","modified_gmt":"2021-01-12T16:24:46","slug":"diverser-dialog","status":"publish","type":"page","link":"http:\/\/www.alegro-weltweit.de\/wordpress_neu\/diverser-dialog\/","title":{"rendered":"Diverser Dialog"},"content":{"rendered":"\n<figure class=\"is-layout-flex wp-block-gallery-1 wp-block-gallery columns-0 is-cropped\"><ul class=\"blocks-gallery-grid\"><\/ul><\/figure>\n\n\n\n<p>Di\u00e1logo Diverso ist eine soziale Organisation mit der Rechtsform einer Stiftung, die sich f\u00fcr die LGBTI+ Community, ( Menschen in einer Situation menschlicher Mobilit\u00e4t,) Frauen, Jugendliche und Opfer von geschlechtsspezifischer Gewalt einsetzt. Die Zusammensetzung des Teams ist vielf\u00e4ltig. Es wird keine Diskriminierung oder Ausgrenzung akzeptiert. Die Organisation versucht m\u00f6glichst horizontal zu arbeiten, obwohl repr\u00e4sentative Positionen f\u00fcr die Leitung der Organisation erforderlich sind. Der Umgang ist famili\u00e4r und freundschaftlich. Die \u00d6ffnungszeiten sind von 9:00 bis 18:00 Uhr. Jede Person arbeitet eigenverantwortlich an den Projekten, die von den Verantwortlichen koordiniert wurden. Doch jede Arbeit wird auch vom Team unterst\u00fctzt. Die Freiwilligen k\u00f6nnen in alle verschiedenen Aufgabenfeldern mitarbeiten. Momentan aufgrund der COVID 19 Pandemie arbeitet der Gro\u00dfteil der Teams in Telearbeit. Alle Aktionen sind \u00fcber virtuelle Plattformen verbunden. Daher sind pr\u00e4senz Ereignisse momentan\u00a0 minimal.<br><\/p>\n\n\n\n<p>Verantwortlichkeiten der Freiwilligen:<\/p>\n\n\n\n<ul><li>Unterst\u00fctzung bei L\u00f6sungsfindung f\u00fcr die Probleme und Themen der Klienten besonders Gefl\u00fcchtete und LGBTI+-Migrant*innen&nbsp;<\/li><li>Kenntnisse in g\u00e4ngigen Computerprogrammen (Word, Excel, Power Point, etc.)<\/li><\/ul>\n\n\n\n<ul><li>Elektronische Zufriedenheitsumfragen durchf\u00fchren und Benutzerdateien vorbereitet<\/li><\/ul>\n\n\n\n<ul><li>Unterst\u00fctzung im Vorbereiten der arbeits-und virtuellen R\u00e4ume<\/li><\/ul>\n\n\n\n<figure class=\"wp-block-image is-resized\"><img decoding=\"async\" loading=\"lazy\" src=\"http:\/\/www.alegro-weltweit.de\/wordpress_neu\/wp-content\/uploads\/2021\/01\/image-7.png\" alt=\"\" width=\"423\" height=\"280\"\/><\/figure>\n","protected":false},"excerpt":{"rendered":"<p>Di\u00e1logo Diverso ist eine soziale Organisation mit der Rechtsform einer Stiftung, die sich f\u00fcr die LGBTI+ Community, ( Menschen in einer Situation menschlicher Mobilit\u00e4t,) Frauen, Jugendliche und Opfer von geschlechtsspezifischer<\/p>\n","protected":false},"author":5,"featured_media":0,"parent":0,"menu_order":0,"comment_status":"closed","ping_status":"closed","template":"","meta":[],"_links":{"self":[{"href":"http:\/\/www.alegro-weltweit.de\/wordpress_neu\/wp-json\/wp\/v2\/pages\/3312"}],"collection":[{"href":"http:\/\/www.alegro-weltweit.de\/wordpress_neu\/wp-json\/wp\/v2\/pages"}],"about":[{"href":"http:\/\/www.alegro-weltweit.de\/wordpress_neu\/wp-json\/wp\/v2\/types\/page"}],"author":[{"embeddable":true,"href":"http:\/\/www.alegro-weltweit.de\/wordpress_neu\/wp-json\/wp\/v2\/users\/5"}],"replies":[{"embeddable":true,"href":"http:\/\/www.alegro-weltweit.de\/wordpress_neu\/wp-json\/wp\/v2\/comments?post=3312"}],"version-history":[{"count":1,"href":"http:\/\/www.alegro-weltweit.de\/wordpress_neu\/wp-json\/wp\/v2\/pages\/3312\/revisions"}],"predecessor-version":[{"id":3315,"href":"http:\/\/www.alegro-weltweit.de\/wordpress_neu\/wp-json\/wp\/v2\/pages\/3312\/revisions\/3315"}],"wp:attachment":[{"href":"http:\/\/www.alegro-weltweit.de\/wordpress_neu\/wp-json\/wp\/v2\/media?parent=3312"}],"curies":[{"name":"wp","href":"https:\/\/api.w.org\/{rel}","templated":true}]}}