{"id":3426,"date":"2021-03-10T18:31:28","date_gmt":"2021-03-10T17:31:28","guid":{"rendered":"http:\/\/www.alegro-weltweit.de\/wordpress_neu\/?page_id=3426"},"modified":"2021-03-10T18:31:28","modified_gmt":"2021-03-10T17:31:28","slug":"vereint-fuer-bildung-rio-mashpi-schule","status":"publish","type":"page","link":"http:\/\/www.alegro-weltweit.de\/wordpress_neu\/vereint-fuer-bildung-rio-mashpi-schule\/","title":{"rendered":"VEREINT F\u00dcR BILDUNG &#8222;R\u00edo Mashpi&#8220; Schule"},"content":{"rendered":"\n<p><strong>VEREINT F\u00dcR BILDUNG<\/strong><\/p>\n\n\n\n<p>Vereint f\u00fcr Bildung f\u00f6rdert Entwicklung auf der Bildungs-, Sozial-, Umwelt-, Gesundheits-, Wirtschafts-, Produktions- und Kulturebene. Dazu werden die Bildungseinrichtungen in einer ganzheitlichen Weise umgewandelt, indem sie zur Referenz und zur Zentrale werden, von der aus die Entwicklung der Gemeinschaft und die soziale Mobilit\u00e4t projiziert werden.<\/p>\n\n\n\n<p>Die Organisation strebt an:<\/p>\n\n\n\n<p>\u25cf BILDUNGSEINRICHTUNGEN UMGESTALTEN.<\/p>\n\n\n\n<p>\u25cf Bef\u00e4higung des Bereichs<\/p>\n\n\n\n<p>\u25cf Sicherung der sozialen Mobilit\u00e4t<\/p>\n\n\n\n<figure class=\"wp-block-image size-large\"><img decoding=\"async\" loading=\"lazy\" width=\"487\" height=\"284\" src=\"http:\/\/www.alegro-weltweit.de\/wordpress_neu\/wp-content\/uploads\/2021\/03\/image.png\" alt=\"\" class=\"wp-image-3427\" srcset=\"http:\/\/www.alegro-weltweit.de\/wordpress_neu\/wp-content\/uploads\/2021\/03\/image.png 487w, http:\/\/www.alegro-weltweit.de\/wordpress_neu\/wp-content\/uploads\/2021\/03\/image-300x175.png 300w, http:\/\/www.alegro-weltweit.de\/wordpress_neu\/wp-content\/uploads\/2021\/03\/image-150x87.png 150w\" sizes=\"(max-width: 487px) 100vw, 487px\" \/><\/figure>\n\n\n\n<p><strong>&#8222;R\u00edo Mashpi&#8220; Schule, PROJEKTKULTUR\u00a0<\/strong><\/p>\n\n\n\n<p>&#8211; Arbeit in Lernumgebungen f\u00fcr Kinder.<\/p>\n\n\n\n<p>&#8211; Es werden Angebote in den verschiedenen Umgebungen, Projektbegleitung und Tutoring gemacht.&nbsp;<\/p>\n\n\n\n<p>&#8211; GEMEINSCHAFTSSCHULE, so dass der Freiwillige Teil verschiedener Gemeinschaftsaktivit\u00e4ten sein wird.\u00a0<\/p>\n\n\n\n<div class=\"wp-block-media-text alignwide is-stacked-on-mobile\" style=\"grid-template-columns:55% auto\"><figure class=\"wp-block-media-text__media\"><img decoding=\"async\" loading=\"lazy\" width=\"374\" height=\"431\" src=\"http:\/\/www.alegro-weltweit.de\/wordpress_neu\/wp-content\/uploads\/2021\/03\/image-1.png\" alt=\"\" class=\"wp-image-3428\" srcset=\"http:\/\/www.alegro-weltweit.de\/wordpress_neu\/wp-content\/uploads\/2021\/03\/image-1.png 374w, http:\/\/www.alegro-weltweit.de\/wordpress_neu\/wp-content\/uploads\/2021\/03\/image-1-260x300.png 260w, http:\/\/www.alegro-weltweit.de\/wordpress_neu\/wp-content\/uploads\/2021\/03\/image-1-130x150.png 130w\" sizes=\"(max-width: 374px) 100vw, 374px\" \/><\/figure><div class=\"wp-block-media-text__content\">\n<p><strong>Bei der Arbeit&#8230;<\/strong><\/p>\n\n\n\n<p>-Ludoteca und Gemeindebibliothek<\/p>\n\n\n\n<p>-Englisch und andere F\u00e4cher in der Schule<\/p>\n\n\n\n<p>-Musikbereich<\/p>\n\n\n\n<p>-Bereich K\u00fcnstlerische Projekte<\/p>\n\n\n\n<p>-Landwirtschaftliche Aktivit\u00e4ten, Bewirtschaftung von Obstg\u00e4rten, G\u00e4rten, Besuche im Schulwald und andere.<\/p>\n<\/div><\/div>\n","protected":false},"excerpt":{"rendered":"<p>VEREINT F\u00dcR BILDUNG Vereint f\u00fcr Bildung f\u00f6rdert Entwicklung auf der Bildungs-, Sozial-, Umwelt-, Gesundheits-, Wirtschafts-, Produktions- und Kulturebene. Dazu werden die Bildungseinrichtungen in einer ganzheitlichen Weise umgewandelt, indem sie zur<\/p>\n","protected":false},"author":5,"featured_media":0,"parent":0,"menu_order":0,"comment_status":"closed","ping_status":"closed","template":"","meta":[],"_links":{"self":[{"href":"http:\/\/www.alegro-weltweit.de\/wordpress_neu\/wp-json\/wp\/v2\/pages\/3426"}],"collection":[{"href":"http:\/\/www.alegro-weltweit.de\/wordpress_neu\/wp-json\/wp\/v2\/pages"}],"about":[{"href":"http:\/\/www.alegro-weltweit.de\/wordpress_neu\/wp-json\/wp\/v2\/types\/page"}],"author":[{"embeddable":true,"href":"http:\/\/www.alegro-weltweit.de\/wordpress_neu\/wp-json\/wp\/v2\/users\/5"}],"replies":[{"embeddable":true,"href":"http:\/\/www.alegro-weltweit.de\/wordpress_neu\/wp-json\/wp\/v2\/comments?post=3426"}],"version-history":[{"count":1,"href":"http:\/\/www.alegro-weltweit.de\/wordpress_neu\/wp-json\/wp\/v2\/pages\/3426\/revisions"}],"predecessor-version":[{"id":3429,"href":"http:\/\/www.alegro-weltweit.de\/wordpress_neu\/wp-json\/wp\/v2\/pages\/3426\/revisions\/3429"}],"wp:attachment":[{"href":"http:\/\/www.alegro-weltweit.de\/wordpress_neu\/wp-json\/wp\/v2\/media?parent=3426"}],"curies":[{"name":"wp","href":"https:\/\/api.w.org\/{rel}","templated":true}]}}

VEREINT FÜR BILDUNG &#8222;Río Mashpi&#8220; Schule

<p><strong>VEREINT FÜR BILDUNG</strong></p>



<p>Vereint für Bildung fördert Entwicklung auf der Bildungs-, Sozial-, Umwelt-, Gesundheits-, Wirtschafts-, Produktions- und Kulturebene. Dazu werden die Bildungseinrichtungen in einer ganzheitlichen Weise umgewandelt, indem sie zur Referenz und zur Zentrale werden, von der aus die Entwicklung der Gemeinschaft und die soziale Mobilität projiziert werden.</p>



<p>Die Organisation strebt an:</p>



<p>● BILDUNGSEINRICHTUNGEN UMGESTALTEN.</p>



<p>● Befähigung des Bereichs</p>



<p>● Sicherung der sozialen Mobilität</p>



<figure class="wp-block-image size-large"><img decoding="async" loading="lazy" width="487" height="284" src="http://www.alegro-weltweit.de/wordpress_neu/wp-content/uploads/2021/03/image.png" alt="" class="wp-image-3427" srcset="http://www.alegro-weltweit.de/wordpress_neu/wp-content/uploads/2021/03/image.png 487w, http://www.alegro-weltweit.de/wordpress_neu/wp-content/uploads/2021/03/image-300x175.png 300w, http://www.alegro-weltweit.de/wordpress_neu/wp-content/uploads/2021/03/image-150x87.png 150w" sizes="(max-width: 487px) 100vw, 487px" /></figure>



<p><strong>&#8222;Río Mashpi&#8220; Schule, PROJEKTKULTUR </strong></p>



<p>&#8211; Arbeit in Lernumgebungen für Kinder.</p>



<p>&#8211; Es werden Angebote in den verschiedenen Umgebungen, Projektbegleitung und Tutoring gemacht.&nbsp;</p>



<p>&#8211; GEMEINSCHAFTSSCHULE, so dass der Freiwillige Teil verschiedener Gemeinschaftsaktivitäten sein wird. </p>



<div class="wp-block-media-text alignwide is-stacked-on-mobile" style="grid-template-columns:55% auto"><figure class="wp-block-media-text__media"><img decoding="async" loading="lazy" width="374" height="431" src="http://www.alegro-weltweit.de/wordpress_neu/wp-content/uploads/2021/03/image-1.png" alt="" class="wp-image-3428" srcset="http://www.alegro-weltweit.de/wordpress_neu/wp-content/uploads/2021/03/image-1.png 374w, http://www.alegro-weltweit.de/wordpress_neu/wp-content/uploads/2021/03/image-1-260x300.png 260w, http://www.alegro-weltweit.de/wordpress_neu/wp-content/uploads/2021/03/image-1-130x150.png 130w" sizes="(max-width: 374px) 100vw, 374px" /></figure><div class="wp-block-media-text__content">
<p><strong>Bei der Arbeit&#8230;</strong></p>



<p>-Ludoteca und Gemeindebibliothek</p>



<p>-Englisch und andere Fächer in der Schule</p>



<p>-Musikbereich</p>



<p>-Bereich Künstlerische Projekte</p>



<p>-Landwirtschaftliche Aktivitäten, Bewirtschaftung von Obstgärten, Gärten, Besuche im Schulwald und andere.</p>
</div></div>

<p>VEREINT FÜR BILDUNG Vereint für Bildung fördert Entwicklung auf der Bildungs-, Sozial-, Umwelt-, Gesundheits-, Wirtschafts-, Produktions- und Kulturebene. Dazu werden die Bildungseinrichtungen in einer ganzheitlichen Weise umgewandelt, indem sie zur</p>
