{"id":3458,"date":"2021-03-10T19:01:15","date_gmt":"2021-03-10T18:01:15","guid":{"rendered":"http:\/\/www.alegro-weltweit.de\/wordpress_neu\/?page_id=3458"},"modified":"2021-03-10T19:01:15","modified_gmt":"2021-03-10T18:01:15","slug":"lunita-lunera-stiftung","status":"publish","type":"page","link":"http:\/\/www.alegro-weltweit.de\/wordpress_neu\/lunita-lunera-stiftung\/","title":{"rendered":"Lunita Lunera Stiftung"},"content":{"rendered":"\n<figure class=\"wp-block-image\" id=\"block-6cd4d7b6-65cd-4e29-a4e3-914224325aa4\"><img decoding=\"async\" src=\"http:\/\/www.alegro-weltweit.de\/wordpress_neu\/wp-content\/uploads\/2021\/03\/image-10.png\" alt=\"Dieses Bild hat ein leeres Alt-Attribut. Der Dateiname ist image-10.png\"\/><\/figure>\n\n\n\n<p id=\"block-1b47c46a-582d-4408-9422-e3325b783fe6\">Non-Profit-Organisation in Ecuador, die aus dem F\u00fchlen-Denken-Handeln der Volksbildung heraus einen Beitrag zum Aufbau einer Kultur des Friedens leisten m\u00f6chte, verstanden als Prozess der sozialen Transformation der Gemeinschaft.<\/p>\n\n\n\n<p id=\"block-a1fe4250-c8ba-4cee-9d71-02c553edabcb\">Lunita Lunera arbeiten daran, die Kl\u00fcfte zu verringern, die Ausgrenzung erzeugen: Geschlecht, Generationen, Ph\u00e4notypen, ethnisch-kulturelle, soziale Klassen und Aggression gegen\u00fcber der Umwelt, von den vier Aufgaben der Kultur des Friedens: sozial, kulturell, politisch und wirtschaftlich. Dazu geh\u00f6rt der Einsatz f\u00fcr Gleichheit, die Pr\u00e4vention aller Arten von Gewalt und die Entkriminalisierung der Abtreibung in Ecuador.<\/p>\n\n\n\n<figure class=\"wp-block-image\" id=\"block-a4fe599a-feb9-444c-aca4-832a6fef4c68\"><img decoding=\"async\" src=\"http:\/\/www.alegro-weltweit.de\/wordpress_neu\/wp-content\/uploads\/2021\/03\/image-11.png\" alt=\"Dieses Bild hat ein leeres Alt-Attribut. Der Dateiname ist image-11.png\"\/><\/figure>\n","protected":false},"excerpt":{"rendered":"<p>Non-Profit-Organisation in Ecuador, die aus dem F\u00fchlen-Denken-Handeln der Volksbildung heraus einen Beitrag zum Aufbau einer Kultur des Friedens leisten m\u00f6chte, verstanden als Prozess der sozialen Transformation der Gemeinschaft. Lunita Lunera<\/p>\n","protected":false},"author":5,"featured_media":0,"parent":0,"menu_order":0,"comment_status":"closed","ping_status":"closed","template":"","meta":[],"_links":{"self":[{"href":"http:\/\/www.alegro-weltweit.de\/wordpress_neu\/wp-json\/wp\/v2\/pages\/3458"}],"collection":[{"href":"http:\/\/www.alegro-weltweit.de\/wordpress_neu\/wp-json\/wp\/v2\/pages"}],"about":[{"href":"http:\/\/www.alegro-weltweit.de\/wordpress_neu\/wp-json\/wp\/v2\/types\/page"}],"author":[{"embeddable":true,"href":"http:\/\/www.alegro-weltweit.de\/wordpress_neu\/wp-json\/wp\/v2\/users\/5"}],"replies":[{"embeddable":true,"href":"http:\/\/www.alegro-weltweit.de\/wordpress_neu\/wp-json\/wp\/v2\/comments?post=3458"}],"version-history":[{"count":1,"href":"http:\/\/www.alegro-weltweit.de\/wordpress_neu\/wp-json\/wp\/v2\/pages\/3458\/revisions"}],"predecessor-version":[{"id":3459,"href":"http:\/\/www.alegro-weltweit.de\/wordpress_neu\/wp-json\/wp\/v2\/pages\/3458\/revisions\/3459"}],"wp:attachment":[{"href":"http:\/\/www.alegro-weltweit.de\/wordpress_neu\/wp-json\/wp\/v2\/media?parent=3458"}],"curies":[{"name":"wp","href":"https:\/\/api.w.org\/{rel}","templated":true}]}}