{"id":3571,"date":"2021-06-02T01:05:04","date_gmt":"2021-06-02T00:05:04","guid":{"rendered":"http:\/\/www.alegro-weltweit.de\/wordpress_neu\/?page_id=3571"},"modified":"2021-06-14T11:51:21","modified_gmt":"2021-06-14T10:51:21","slug":"la-tercera-generacion-sur-norte","status":"publish","type":"page","link":"http:\/\/www.alegro-weltweit.de\/wordpress_neu\/la-tercera-generacion-sur-norte\/","title":{"rendered":"La tercera generaci\u00f3n Sur-Norte (2018\/19)"},"content":{"rendered":"\n<figure class=\"wp-block-image size-large\"><img decoding=\"async\" loading=\"lazy\" width=\"1024\" height=\"683\" src=\"http:\/\/www.alegro-weltweit.de\/wordpress_neu\/wp-content\/uploads\/2019\/12\/foto-webiste-1024x683.jpg\" alt=\"\" class=\"wp-image-2698\" srcset=\"http:\/\/www.alegro-weltweit.de\/wordpress_neu\/wp-content\/uploads\/2019\/12\/foto-webiste-1024x683.jpg 1024w, http:\/\/www.alegro-weltweit.de\/wordpress_neu\/wp-content\/uploads\/2019\/12\/foto-webiste-150x100.jpg 150w, http:\/\/www.alegro-weltweit.de\/wordpress_neu\/wp-content\/uploads\/2019\/12\/foto-webiste-300x200.jpg 300w, http:\/\/www.alegro-weltweit.de\/wordpress_neu\/wp-content\/uploads\/2019\/12\/foto-webiste-768x512.jpg 768w\" sizes=\"(max-width: 1024px) 100vw, 1024px\" \/><figcaption>La tercera generaci\u00f3n Sur-Norte <\/figcaption><\/figure>\n\n\n\n<p><strong>A N T O N E L L A \u2013 Kinderhaus Hollerbusch, L\u00fcneburg<\/strong><\/p>\n\n\n\n<div class=\"wp-block-image\"><figure class=\"alignright size-large is-resized\"><img decoding=\"async\" loading=\"lazy\" src=\"http:\/\/www.alegro-weltweit.de\/wordpress_neu\/wp-content\/uploads\/2019\/08\/Anto-576x1024.jpg\" alt=\"\" class=\"wp-image-2650\" width=\"230\" height=\"408\" srcset=\"http:\/\/www.alegro-weltweit.de\/wordpress_neu\/wp-content\/uploads\/2019\/08\/Anto-576x1024.jpg 576w, http:\/\/www.alegro-weltweit.de\/wordpress_neu\/wp-content\/uploads\/2019\/08\/Anto-84x150.jpg 84w, http:\/\/www.alegro-weltweit.de\/wordpress_neu\/wp-content\/uploads\/2019\/08\/Anto-169x300.jpg 169w, http:\/\/www.alegro-weltweit.de\/wordpress_neu\/wp-content\/uploads\/2019\/08\/Anto-768x1366.jpg 768w, http:\/\/www.alegro-weltweit.de\/wordpress_neu\/wp-content\/uploads\/2019\/08\/Anto.jpg 899w\" sizes=\"(max-width: 230px) 100vw, 230px\" \/><\/figure><\/div>\n\n\n\n<p><br>&#8222;En el trabajo me siento m\u00e1s \u00fatil y tambi\u00e9n me siento en m\u00e1s confianza de hacer m\u00e1s cosas. Siento que ya hice mi propio espacio ah\u00ed y me siento muy bienvenida. La qu\u00edmica y relaci\u00f3n con los ni\u00f1os crece cada d\u00eda m\u00e1s y siempre me ense\u00f1an cosas muy buenas. \u00daltimamente no puedo dejar de ver a los ni\u00f1os y pensar en lo afortunada que soy de tenerlos en mi vida, de tener su energ\u00eda, su inocencia y espontaneidad. S\u00e9 que quiero estar rodeada de ellos siempre y me transmiten muchas cosas lindas aunque a veces los quiera matar. Me da mucha nostalgia que crezcan tan r\u00e1pido, \u2013 cuando llegu\u00e9 uno de los ni\u00f1os reci\u00e9n gateaba y hoy por hoy ya hasta corre-, eso me pone a pensar en el tiempo que he estado aqu\u00ed y que tanto ellos como yo hemos crecido juntos.&#8220;<\/p>\n\n\n\n<p><strong>P A U L \u2013 Kunst-Stoffe e.V. Berlin<\/strong><\/p>\n\n\n\n<div class=\"wp-block-image\"><figure class=\"alignright size-large is-resized\"><img decoding=\"async\" loading=\"lazy\" src=\"http:\/\/www.alegro-weltweit.de\/wordpress_neu\/wp-content\/uploads\/2019\/08\/Paulchen.jpg\" alt=\"\" class=\"wp-image-2654\" width=\"392\" height=\"220\" srcset=\"http:\/\/www.alegro-weltweit.de\/wordpress_neu\/wp-content\/uploads\/2019\/08\/Paulchen.jpg 960w, http:\/\/www.alegro-weltweit.de\/wordpress_neu\/wp-content\/uploads\/2019\/08\/Paulchen-150x84.jpg 150w, http:\/\/www.alegro-weltweit.de\/wordpress_neu\/wp-content\/uploads\/2019\/08\/Paulchen-300x169.jpg 300w, http:\/\/www.alegro-weltweit.de\/wordpress_neu\/wp-content\/uploads\/2019\/08\/Paulchen-768x432.jpg 768w\" sizes=\"(max-width: 392px) 100vw, 392px\" \/><\/figure><\/div>\n\n\n\n<p>&#8222;Creo que con cada persona que convers\u00e9 he aprendido algo nuevo que me llevar\u00e9 para el futuro porque ellos tienen sus propias experiencias y uno llega para conocer c\u00f3mo han materializado en la realidad varias ideas. Mientras trabajaba o cuando realizaba Food Sharing, hasta en la calle pude compartir peque\u00f1os encuentros con otras personas que me relataban de sus sue\u00f1os, aspiraciones y las formas que han utilizado para sobrevivir y formar parte de la ciudad. Claramente en los pr\u00f3ximos meses continuar\u00e9 dialogando con estas personas y posiblemente encuentre m\u00e1s gente con la que pueda conversar para entender otras realidades.&#8220;<\/p>\n\n\n\n<p><strong>E D U A R D O \u2013 Wukaninchen, Biesenthal<\/strong><\/p>\n\n\n\n<div class=\"wp-block-image\"><figure class=\"alignright size-large is-resized\"><img decoding=\"async\" loading=\"lazy\" src=\"http:\/\/www.alegro-weltweit.de\/wordpress_neu\/wp-content\/uploads\/2021\/06\/Edu-edited.jpg\" alt=\"\" class=\"wp-image-3770\" width=\"290\" height=\"290\" srcset=\"http:\/\/www.alegro-weltweit.de\/wordpress_neu\/wp-content\/uploads\/2021\/06\/Edu-edited.jpg 899w, http:\/\/www.alegro-weltweit.de\/wordpress_neu\/wp-content\/uploads\/2021\/06\/Edu-edited-300x300.jpg 300w, http:\/\/www.alegro-weltweit.de\/wordpress_neu\/wp-content\/uploads\/2021\/06\/Edu-edited-150x150.jpg 150w, http:\/\/www.alegro-weltweit.de\/wordpress_neu\/wp-content\/uploads\/2021\/06\/Edu-edited-768x768.jpg 768w\" sizes=\"(max-width: 290px) 100vw, 290px\" \/><\/figure><\/div>\n\n\n\n<p>Ahora es primavera<\/p>\n\n\n\n<p>El invierno se acab\u00f3<\/p>\n\n\n\n<p>El sol brilla<\/p>\n\n\n\n<p>Las flores crecen<\/p>\n\n\n\n<p>Y cuando voy en bicicleta,<\/p>\n\n\n\n<p>hay flores en la calle.<\/p>\n\n\n\n<p>Ahora puedo ir descalzo.<\/p>\n\n\n\n<p>Y aqu\u00ed en Bisenthal est\u00e1 muy lindo.<\/p>\n\n\n\n<p>\u201eLa primera mitad de mi voluntariado fue bueno para mi y lindo porque fue un tiempo en el que todo fue nuevo para mi. Mi familia acogida, las personas de mi proyecto me apoyaron siempre, me ayudaron y me ense\u00f1aron para que me sintiera bien y yo aprend\u00ed cada d\u00eda con ellos y cada d\u00eda sigo aprendiendo.&#8220;<\/p>\n\n\n\n<p><\/p>\n\n\n\n<div class=\"wp-block-image\"><figure class=\"alignright size-large is-resized\"><img decoding=\"async\" loading=\"lazy\" src=\"http:\/\/www.alegro-weltweit.de\/wordpress_neu\/wp-content\/uploads\/2019\/08\/Rosalina.jpg\" alt=\"\" class=\"wp-image-2648\" width=\"171\" height=\"305\" srcset=\"http:\/\/www.alegro-weltweit.de\/wordpress_neu\/wp-content\/uploads\/2019\/08\/Rosalina.jpg 540w, http:\/\/www.alegro-weltweit.de\/wordpress_neu\/wp-content\/uploads\/2019\/08\/Rosalina-84x150.jpg 84w, http:\/\/www.alegro-weltweit.de\/wordpress_neu\/wp-content\/uploads\/2019\/08\/Rosalina-169x300.jpg 169w\" sizes=\"(max-width: 171px) 100vw, 171px\" \/><\/figure><\/div>\n\n\n\n<p><strong>R O S A L I N A \u2013 Anna Linde, Leipzig<\/strong><\/p>\n\n\n\n<p>\u201eLa segunda parte de mi voluntariado empez\u00f3 con nueva energ\u00eda y con buen humor. Los d\u00edas siguientes fueron muy din\u00e1micos porque tuvimos que sembrar mucho y despu\u00e9s vino un tiempo a\u00fan m\u00e1s estresante en el que tuvimos una tienda con plantas en el jard\u00edn y tuvimos que preparar todo muy bien. Tambi\u00e9n fue muy lindo de conversar con lxs clientes y de explicar cosas. Estuve muy emocionada!&#8220; <\/p>\n\n\n\n<p><\/p>\n\n\n\n<p><\/p>\n\n\n\n<p><\/p>\n\n\n\n<p><\/p>\n\n\n\n<p><br><br><br><br><br><strong>C A R O L I N A \u2013 Kulturanum Schule, Jena<\/strong><\/p>\n\n\n\n<div class=\"wp-block-image\"><figure class=\"alignright\"><img decoding=\"async\" loading=\"lazy\" width=\"300\" height=\"225\" src=\"http:\/\/www.alegro-weltweit.de\/wordpress_neu\/wp-content\/uploads\/2019\/08\/carolina-I-300x225.jpg\" alt=\"\" class=\"wp-image-2651\" srcset=\"http:\/\/www.alegro-weltweit.de\/wordpress_neu\/wp-content\/uploads\/2019\/08\/carolina-I-300x225.jpg 300w, http:\/\/www.alegro-weltweit.de\/wordpress_neu\/wp-content\/uploads\/2019\/08\/carolina-I-150x113.jpg 150w, http:\/\/www.alegro-weltweit.de\/wordpress_neu\/wp-content\/uploads\/2019\/08\/carolina-I-768x576.jpg 768w, http:\/\/www.alegro-weltweit.de\/wordpress_neu\/wp-content\/uploads\/2019\/08\/carolina-I.jpg 876w\" sizes=\"(max-width: 300px) 100vw, 300px\" \/><\/figure><\/div>\n\n\n\n<p>\u201eMe alegra estar en el aula porque puedo ver como es el proceso ense\u00f1anza \/ aprendizaje desde muy cerca, el c\u00f3mo las maestras y ayudantes preparan la clase con materiales diferentes y hacen que lxs ni\u00f1xs se interesen por el tema del d\u00eda, es un trabajo intenso, el cari\u00f1o y la paciencia son elementos fundamentales para trabajar con ni\u00f1xs, pienso que para ense\u00f1ar antes se debe estar dispuesto a aprender ya que, cada d\u00eda ellxs tienen m\u00e1s ideas y energ\u00eda para todo\u201c.<\/p>\n\n\n\n<p><\/p>\n\n\n\n<p><strong>K A R L A \u2013 Zirkus Momolo, Jena<\/strong><\/p>\n\n\n\n<div class=\"wp-block-image\"><figure class=\"alignright size-large is-resized\"><img decoding=\"async\" loading=\"lazy\" src=\"http:\/\/www.alegro-weltweit.de\/wordpress_neu\/wp-content\/uploads\/2019\/08\/Karla-1024x683.jpg\" alt=\"\" class=\"wp-image-2647\" width=\"329\" height=\"219\" srcset=\"http:\/\/www.alegro-weltweit.de\/wordpress_neu\/wp-content\/uploads\/2019\/08\/Karla-1024x683.jpg 1024w, http:\/\/www.alegro-weltweit.de\/wordpress_neu\/wp-content\/uploads\/2019\/08\/Karla-150x100.jpg 150w, http:\/\/www.alegro-weltweit.de\/wordpress_neu\/wp-content\/uploads\/2019\/08\/Karla-300x200.jpg 300w, http:\/\/www.alegro-weltweit.de\/wordpress_neu\/wp-content\/uploads\/2019\/08\/Karla-768x512.jpg 768w\" sizes=\"(max-width: 329px) 100vw, 329px\" \/><\/figure><\/div>\n\n\n\n<p>\u201eMe resulta particularmente fascinante el hecho de no dominar el idioma y estar trabajando en este proyecto donde el principal trabajo es el enfoque en el entrenamiento f\u00edsico, estar de observadora constantemente, y hacedora es aprender del mundo, el cuerpo es una naturaleza infinita de revelaciones y en cuanto a mi rol de trabajo en MoMolo dir\u00e9 que a sido un tiempo para labrar mi paciencia y atenci\u00f3n\u201c.<\/p>\n\n\n\n<p><strong>C A R O L I N A \u2013 Kinderhaus am Weingarten, Frankfurt<\/strong><\/p>\n\n\n\n<div class=\"wp-block-image\"><figure class=\"alignright size-large is-resized\"><img decoding=\"async\" loading=\"lazy\" src=\"http:\/\/www.alegro-weltweit.de\/wordpress_neu\/wp-content\/uploads\/2019\/08\/iCaro-1024x576.jpg\" alt=\"\" class=\"wp-image-2646\" width=\"372\" height=\"209\" srcset=\"http:\/\/www.alegro-weltweit.de\/wordpress_neu\/wp-content\/uploads\/2019\/08\/iCaro-1024x576.jpg 1024w, http:\/\/www.alegro-weltweit.de\/wordpress_neu\/wp-content\/uploads\/2019\/08\/iCaro-150x84.jpg 150w, http:\/\/www.alegro-weltweit.de\/wordpress_neu\/wp-content\/uploads\/2019\/08\/iCaro-300x169.jpg 300w, http:\/\/www.alegro-weltweit.de\/wordpress_neu\/wp-content\/uploads\/2019\/08\/iCaro-768x432.jpg 768w\" sizes=\"(max-width: 372px) 100vw, 372px\" \/><\/figure><\/div>\n\n\n\n<p>\u201eEn cuanto al trabajo en el Kinderhaus, puedo decir que me siento satisfecha y contenta ya que cada vez mi rol y mi presencia se nota m\u00e1s y es incre\u00edble como lo ni\u00f1os notan mi ausencia cuando no estoy un d\u00eda, igualmente los ni\u00f1os cada vez quieren hacer m\u00e1s actividades y jugar m\u00e1s conmigo, pero todav\u00eda tengo problemas para controlar al grupo cuando sucede alguna pelea o inconveniente, como he dicho, porque me falta m\u00e1s vocabulario en alem\u00e1n\u201c.<\/p>\n\n\n\n<p><\/p>\n\n\n\n<p><\/p>\n\n\n\n<p><strong>A M A D E \u2013&nbsp;Escuela Michaeli, K\u00f6ln<\/strong><\/p>\n\n\n\n<div class=\"wp-block-image\"><figure class=\"alignright\"><img decoding=\"async\" loading=\"lazy\" width=\"300\" height=\"300\" src=\"http:\/\/www.alegro-weltweit.de\/wordpress_neu\/wp-content\/uploads\/2019\/08\/Amade-300x300.jpg\" alt=\"\" class=\"wp-image-2649\" srcset=\"http:\/\/www.alegro-weltweit.de\/wordpress_neu\/wp-content\/uploads\/2019\/08\/Amade-300x300.jpg 300w, http:\/\/www.alegro-weltweit.de\/wordpress_neu\/wp-content\/uploads\/2019\/08\/Amade-150x150.jpg 150w, http:\/\/www.alegro-weltweit.de\/wordpress_neu\/wp-content\/uploads\/2019\/08\/Amade.jpg 720w\" sizes=\"(max-width: 300px) 100vw, 300px\" \/><\/figure><\/div>\n\n\n\n<p>Al respeto de la segunda parte espero tener m\u00e1s autoridad y m\u00e1s confianza. Espero poder ayudar con diferentes ideas nuevas. Quiero disfrutar mi trabajo, porque me gusta ese trabajo. Deseo m\u00e1s autonom\u00eda y m\u00e1s creatividad. <\/p>\n\n\n\n<p>Tambi\u00e9n me parece importante crear m\u00e1s participaci\u00f3n en la escuela. Quiero ampliar mis conocimientos del alem\u00e1n. Y para eso me gustar\u00eda practicar el idioma en cada situaci\u00f3n.<\/p>\n\n\n\n<p>En un libro sagrado dice: Humano, est\u00e1s hecho de d\u00edas, con cada d\u00eda que pasa tambi\u00e9n pasa una parte de ti. &#8211; En ese sentido, quiero aprovechar mis d\u00edas laborales y sociales. <\/p>\n\n\n\n<p><\/p>\n\n\n\n<p><strong>E M I L I A &#8211; casa de refugiadxs Marsdorf, K\u00f6ln <\/strong><\/p>\n\n\n\n<p><em>&#8222;<\/em>Otras peque\u00f1as cosas que han hecho de mis d\u00edas m\u00e1s bonitos es que me prestaron una bicicleta y el cambio de estaci\u00f3n! Poder movilizarme de manera segura, r\u00e1pida y f\u00e1cil es genial sobre todo en este clima. Me hace sentir m\u00e1s libre. Aprovechar el sol y relajarme en un parque son peque\u00f1os h\u00e1bitos que antes no los consideraba pero que me permiten disfrutar del d\u00eda, leer, pensar, y s\u00f3lo estar presente&#8220;.<\/p>\n\n\n\n<p><strong>A N A &#8211; Planerladen, Dortmund <\/strong><\/p>\n\n\n\n<div class=\"wp-block-image\"><figure class=\"alignright\"><img decoding=\"async\" loading=\"lazy\" width=\"240\" height=\"300\" src=\"http:\/\/www.alegro-weltweit.de\/wordpress_neu\/wp-content\/uploads\/2019\/08\/ana-240x300.jpg\" alt=\"\" class=\"wp-image-2655\" srcset=\"http:\/\/www.alegro-weltweit.de\/wordpress_neu\/wp-content\/uploads\/2019\/08\/ana-240x300.jpg 240w, http:\/\/www.alegro-weltweit.de\/wordpress_neu\/wp-content\/uploads\/2019\/08\/ana-120x150.jpg 120w, http:\/\/www.alegro-weltweit.de\/wordpress_neu\/wp-content\/uploads\/2019\/08\/ana.jpg 720w\" sizes=\"(max-width: 240px) 100vw, 240px\" \/><\/figure><\/div>\n\n\n\n<p>Disfruto mucho &nbsp;de caminar, de cada d\u00eda, de aprender a cocinar algo nuevo, la cocina es mi terapia y lo que tambi\u00e9n me ha permitido conocer culturas, sabores, olores, que diversidad m\u00e1s linda la que he aprendido en la cocina.&nbsp; Dortmund me ha ense\u00f1ado su diversidad, sus problemas sociales, su vibra todo mediante la cocina, los ni\u00f1xs, las tantas nacionalidades, los tantos idiomas, las personas, las emociones que he sentido, los colores que la han pintado estos meses, tanto contraste, las mil fotos mentales que he ido coleccionando!<\/p>\n\n\n\n<p><\/p>\n\n\n\n<p><br><br><strong>F E L I P E &#8211; Bunte Schule, Dortmund <\/strong><\/p>\n\n\n\n<div class=\"wp-block-image\"><figure class=\"alignright\"><img decoding=\"async\" loading=\"lazy\" width=\"300\" height=\"200\" src=\"http:\/\/www.alegro-weltweit.de\/wordpress_neu\/wp-content\/uploads\/2019\/08\/Felipe-300x200.jpg\" alt=\"\" class=\"wp-image-2645\" srcset=\"http:\/\/www.alegro-weltweit.de\/wordpress_neu\/wp-content\/uploads\/2019\/08\/Felipe-300x200.jpg 300w, http:\/\/www.alegro-weltweit.de\/wordpress_neu\/wp-content\/uploads\/2019\/08\/Felipe-150x100.jpg 150w, http:\/\/www.alegro-weltweit.de\/wordpress_neu\/wp-content\/uploads\/2019\/08\/Felipe-768x512.jpg 768w, http:\/\/www.alegro-weltweit.de\/wordpress_neu\/wp-content\/uploads\/2019\/08\/Felipe-1024x683.jpg 1024w\" sizes=\"(max-width: 300px) 100vw, 300px\" \/><\/figure><\/div>\n\n\n\n<p>&#8222;Lo que m\u00e1s me ha maravillado de este lugar del planeta son los \u00e1rboles (es la primera vez que estoy experimentando las cuatro estaciones del a\u00f1o ) El llegar al comienzo del oto\u00f1o y todo verde, m\u00e1s de a poquito sus hojas se iban convirtiendo en color tomate, amarillo en todos sus matices y colores. Salir por las calles y por el parque y de repente un viento grande que viene silbando desde lejos llev\u00e1ndose muchas hojas a su paso, moviendo las ramas, haci\u00e9ndole bailar al \u00e1rbol; sent\u00eda como si ese mismo viento moviera mis pensamientos llev\u00e1ndose todo lo que es in\u00fatil para m\u00ed y dej\u00e1ndome con lo esencial, con el silencio de la nada.&#8220;<\/p>\n","protected":false},"excerpt":{"rendered":"<p>A N T O N E L L A \u2013 Kinderhaus Hollerbusch, L\u00fcneburg &#8222;En el trabajo me siento m\u00e1s \u00fatil y tambi\u00e9n me siento en m\u00e1s confianza de hacer m\u00e1s<\/p>\n","protected":false},"author":14,"featured_media":0,"parent":0,"menu_order":0,"comment_status":"closed","ping_status":"closed","template":"","meta":[],"_links":{"self":[{"href":"http:\/\/www.alegro-weltweit.de\/wordpress_neu\/wp-json\/wp\/v2\/pages\/3571"}],"collection":[{"href":"http:\/\/www.alegro-weltweit.de\/wordpress_neu\/wp-json\/wp\/v2\/pages"}],"about":[{"href":"http:\/\/www.alegro-weltweit.de\/wordpress_neu\/wp-json\/wp\/v2\/types\/page"}],"author":[{"embeddable":true,"href":"http:\/\/www.alegro-weltweit.de\/wordpress_neu\/wp-json\/wp\/v2\/users\/14"}],"replies":[{"embeddable":true,"href":"http:\/\/www.alegro-weltweit.de\/wordpress_neu\/wp-json\/wp\/v2\/comments?post=3571"}],"version-history":[{"count":29,"href":"http:\/\/www.alegro-weltweit.de\/wordpress_neu\/wp-json\/wp\/v2\/pages\/3571\/revisions"}],"predecessor-version":[{"id":3772,"href":"http:\/\/www.alegro-weltweit.de\/wordpress_neu\/wp-json\/wp\/v2\/pages\/3571\/revisions\/3772"}],"wp:attachment":[{"href":"http:\/\/www.alegro-weltweit.de\/wordpress_neu\/wp-json\/wp\/v2\/media?parent=3571"}],"curies":[{"name":"wp","href":"https:\/\/api.w.org\/{rel}","templated":true}]}}