{"id":3680,"date":"2021-06-10T17:28:48","date_gmt":"2021-06-10T16:28:48","guid":{"rendered":"http:\/\/www.alegro-weltweit.de\/wordpress_neu\/?page_id=3680"},"modified":"2021-06-10T17:28:48","modified_gmt":"2021-06-10T16:28:48","slug":"quem-somos","status":"publish","type":"page","link":"http:\/\/www.alegro-weltweit.de\/wordpress_neu\/quem-somos\/","title":{"rendered":"Quem somos?"},"content":{"rendered":"\n<p>Alegro, isso fazemos:<\/p>\n\n\n\n<p><strong>Equipa actual da gera\u00e7\u00e3o Sul-Norte:<\/strong><\/p>\n\n\n\n<figure class=\"wp-block-image size-large is-resized\"><img decoding=\"async\" loading=\"lazy\" src=\"http:\/\/www.alegro-weltweit.de\/wordpress_neu\/wp-content\/uploads\/2020\/06\/R4.jpg\" alt=\"\" class=\"wp-image-2966\" width=\"369\" height=\"275\" srcset=\"http:\/\/www.alegro-weltweit.de\/wordpress_neu\/wp-content\/uploads\/2020\/06\/R4.jpg 701w, http:\/\/www.alegro-weltweit.de\/wordpress_neu\/wp-content\/uploads\/2020\/06\/R4-150x112.jpg 150w, http:\/\/www.alegro-weltweit.de\/wordpress_neu\/wp-content\/uploads\/2020\/06\/R4-300x224.jpg 300w\" sizes=\"(max-width: 369px) 100vw, 369px\" \/><\/figure>\n\n\n\n<figure class=\"wp-block-image size-large is-resized\"><img decoding=\"async\" loading=\"lazy\" src=\"http:\/\/www.alegro-weltweit.de\/wordpress_neu\/wp-content\/uploads\/2020\/06\/Teamfoto-Ecua-1024x682.jpg\" alt=\"\" class=\"wp-image-2971\" width=\"387\" height=\"258\"\/><\/figure>\n\n\n\n<p>Equipa da terceira gera\u00e7\u00e3o Sul-Norte:<\/p>\n\n\n\n<figure class=\"wp-block-image size-large is-resized\"><img decoding=\"async\" loading=\"lazy\" src=\"http:\/\/www.alegro-weltweit.de\/wordpress_neu\/wp-content\/uploads\/2017\/11\/DSC_0136-1024x683.jpg\" alt=\"\" class=\"wp-image-1883\" width=\"456\" height=\"303\" srcset=\"http:\/\/www.alegro-weltweit.de\/wordpress_neu\/wp-content\/uploads\/2017\/11\/DSC_0136-1024x683.jpg 1024w, http:\/\/www.alegro-weltweit.de\/wordpress_neu\/wp-content\/uploads\/2017\/11\/DSC_0136-150x100.jpg 150w, http:\/\/www.alegro-weltweit.de\/wordpress_neu\/wp-content\/uploads\/2017\/11\/DSC_0136-300x200.jpg 300w, http:\/\/www.alegro-weltweit.de\/wordpress_neu\/wp-content\/uploads\/2017\/11\/DSC_0136-768x512.jpg 768w\" sizes=\"(max-width: 456px) 100vw, 456px\" \/><figcaption><br><\/figcaption><\/figure>\n\n\n\n<div class=\"wp-block-image\"><figure class=\"aligncenter is-resized\"><img decoding=\"async\" loading=\"lazy\" src=\"http:\/\/www.alegro-weltweit.de\/wordpress_neu\/wp-content\/uploads\/2014\/01\/team-Ecuador.jpg\" alt=\"\" width=\"472\" height=\"309\"\/><\/figure><\/div>\n\n\n\n<p>Outras pessoas activas em Alegro&#8230;<\/p>\n\n\n\n<figure class=\"wp-block-image\"><img decoding=\"async\" loading=\"lazy\" width=\"465\" height=\"700\" src=\"http:\/\/www.alegro-weltweit.de\/wordpress_neu\/wp-content\/uploads\/2014\/01\/alegro.jpg\" alt=\"alegro\" class=\"wp-image-1114\" srcset=\"http:\/\/www.alegro-weltweit.de\/wordpress_neu\/wp-content\/uploads\/2014\/01\/alegro.jpg 465w, http:\/\/www.alegro-weltweit.de\/wordpress_neu\/wp-content\/uploads\/2014\/01\/alegro-100x150.jpg 100w, http:\/\/www.alegro-weltweit.de\/wordpress_neu\/wp-content\/uploads\/2014\/01\/alegro-199x300.jpg 199w\" sizes=\"(max-width: 465px) 100vw, 465px\" \/><\/figure>\n\n\n\n<p>&#8230;e muitos mais!<\/p>\n","protected":false},"excerpt":{"rendered":"<p>Alegro, isso fazemos: Equipa actual da gera\u00e7\u00e3o Sul-Norte: Equipa da terceira gera\u00e7\u00e3o Sul-Norte: Outras pessoas activas em Alegro&#8230; &#8230;e muitos mais!<\/p>\n","protected":false},"author":5,"featured_media":0,"parent":0,"menu_order":0,"comment_status":"closed","ping_status":"closed","template":"","meta":[],"_links":{"self":[{"href":"http:\/\/www.alegro-weltweit.de\/wordpress_neu\/wp-json\/wp\/v2\/pages\/3680"}],"collection":[{"href":"http:\/\/www.alegro-weltweit.de\/wordpress_neu\/wp-json\/wp\/v2\/pages"}],"about":[{"href":"http:\/\/www.alegro-weltweit.de\/wordpress_neu\/wp-json\/wp\/v2\/types\/page"}],"author":[{"embeddable":true,"href":"http:\/\/www.alegro-weltweit.de\/wordpress_neu\/wp-json\/wp\/v2\/users\/5"}],"replies":[{"embeddable":true,"href":"http:\/\/www.alegro-weltweit.de\/wordpress_neu\/wp-json\/wp\/v2\/comments?post=3680"}],"version-history":[{"count":5,"href":"http:\/\/www.alegro-weltweit.de\/wordpress_neu\/wp-json\/wp\/v2\/pages\/3680\/revisions"}],"predecessor-version":[{"id":3693,"href":"http:\/\/www.alegro-weltweit.de\/wordpress_neu\/wp-json\/wp\/v2\/pages\/3680\/revisions\/3693"}],"wp:attachment":[{"href":"http:\/\/www.alegro-weltweit.de\/wordpress_neu\/wp-json\/wp\/v2\/media?parent=3680"}],"curies":[{"name":"wp","href":"https:\/\/api.w.org\/{rel}","templated":true}]}}

<p>Alegro, isso fazemos:</p>



<p><strong>Equipa actual da geração Sul-Norte:</strong></p>



<figure class="wp-block-image size-large is-resized"><img decoding="async" loading="lazy" src="http://www.alegro-weltweit.de/wordpress_neu/wp-content/uploads/2020/06/R4.jpg" alt="" class="wp-image-2966" width="369" height="275" srcset="http://www.alegro-weltweit.de/wordpress_neu/wp-content/uploads/2020/06/R4.jpg 701w, http://www.alegro-weltweit.de/wordpress_neu/wp-content/uploads/2020/06/R4-150x112.jpg 150w, http://www.alegro-weltweit.de/wordpress_neu/wp-content/uploads/2020/06/R4-300x224.jpg 300w" sizes="(max-width: 369px) 100vw, 369px" /></figure>



<figure class="wp-block-image size-large is-resized"><img decoding="async" loading="lazy" src="http://www.alegro-weltweit.de/wordpress_neu/wp-content/uploads/2020/06/Teamfoto-Ecua-1024x682.jpg" alt="" class="wp-image-2971" width="387" height="258"/></figure>



<p>Equipa da terceira geração Sul-Norte:</p>



<figure class="wp-block-image size-large is-resized"><img decoding="async" loading="lazy" src="http://www.alegro-weltweit.de/wordpress_neu/wp-content/uploads/2017/11/DSC_0136-1024x683.jpg" alt="" class="wp-image-1883" width="456" height="303" srcset="http://www.alegro-weltweit.de/wordpress_neu/wp-content/uploads/2017/11/DSC_0136-1024x683.jpg 1024w, http://www.alegro-weltweit.de/wordpress_neu/wp-content/uploads/2017/11/DSC_0136-150x100.jpg 150w, http://www.alegro-weltweit.de/wordpress_neu/wp-content/uploads/2017/11/DSC_0136-300x200.jpg 300w, http://www.alegro-weltweit.de/wordpress_neu/wp-content/uploads/2017/11/DSC_0136-768x512.jpg 768w" sizes="(max-width: 456px) 100vw, 456px" /><figcaption><br></figcaption></figure>



<div class="wp-block-image"><figure class="aligncenter is-resized"><img decoding="async" loading="lazy" src="http://www.alegro-weltweit.de/wordpress_neu/wp-content/uploads/2014/01/team-Ecuador.jpg" alt="" width="472" height="309"/></figure></div>



<p>Outras pessoas activas em Alegro&#8230;</p>



<figure class="wp-block-image"><img decoding="async" loading="lazy" width="465" height="700" src="http://www.alegro-weltweit.de/wordpress_neu/wp-content/uploads/2014/01/alegro.jpg" alt="alegro" class="wp-image-1114" srcset="http://www.alegro-weltweit.de/wordpress_neu/wp-content/uploads/2014/01/alegro.jpg 465w, http://www.alegro-weltweit.de/wordpress_neu/wp-content/uploads/2014/01/alegro-100x150.jpg 100w, http://www.alegro-weltweit.de/wordpress_neu/wp-content/uploads/2014/01/alegro-199x300.jpg 199w" sizes="(max-width: 465px) 100vw, 465px" /></figure>



<p>&#8230;e muitos mais!</p>

<p>Alegro, isso fazemos: Equipa actual da geração Sul-Norte: Equipa da terceira geração Sul-Norte: Outras pessoas activas em Alegro&#8230; &#8230;e muitos mais!</p>
