{"id":3709,"date":"2021-06-10T23:01:51","date_gmt":"2021-06-10T22:01:51","guid":{"rendered":"http:\/\/www.alegro-weltweit.de\/wordpress_neu\/?page_id=3709"},"modified":"2021-06-10T23:04:00","modified_gmt":"2021-06-10T22:04:00","slug":"generaciones-del-sur-norte","status":"publish","type":"page","link":"http:\/\/www.alegro-weltweit.de\/wordpress_neu\/generaciones-del-sur-norte\/","title":{"rendered":"Generaciones del Sur-Norte"},"content":{"rendered":"\n<p>Primera generaci\u00f3n en 2014 &#8211; 2015<\/p>\n\n\n\n<p>Segunda generaci\u00f3n en 2016 &#8211; 2017<\/p>\n\n\n\n<p>Tercera generaci\u00f3n en 2018 &#8211; 2019 <\/p>\n\n\n\n<p>Cuarta generaci\u00f3n (actualmente) <\/p>\n","protected":false},"excerpt":{"rendered":"<p>Primera generaci\u00f3n en 2014 &#8211; 2015 Segunda generaci\u00f3n en 2016 &#8211; 2017 Tercera generaci\u00f3n en 2018 &#8211; 2019 Cuarta generaci\u00f3n (actualmente)<\/p>\n","protected":false},"author":5,"featured_media":0,"parent":0,"menu_order":0,"comment_status":"closed","ping_status":"closed","template":"","meta":[],"_links":{"self":[{"href":"http:\/\/www.alegro-weltweit.de\/wordpress_neu\/wp-json\/wp\/v2\/pages\/3709"}],"collection":[{"href":"http:\/\/www.alegro-weltweit.de\/wordpress_neu\/wp-json\/wp\/v2\/pages"}],"about":[{"href":"http:\/\/www.alegro-weltweit.de\/wordpress_neu\/wp-json\/wp\/v2\/types\/page"}],"author":[{"embeddable":true,"href":"http:\/\/www.alegro-weltweit.de\/wordpress_neu\/wp-json\/wp\/v2\/users\/5"}],"replies":[{"embeddable":true,"href":"http:\/\/www.alegro-weltweit.de\/wordpress_neu\/wp-json\/wp\/v2\/comments?post=3709"}],"version-history":[{"count":3,"href":"http:\/\/www.alegro-weltweit.de\/wordpress_neu\/wp-json\/wp\/v2\/pages\/3709\/revisions"}],"predecessor-version":[{"id":3715,"href":"http:\/\/www.alegro-weltweit.de\/wordpress_neu\/wp-json\/wp\/v2\/pages\/3709\/revisions\/3715"}],"wp:attachment":[{"href":"http:\/\/www.alegro-weltweit.de\/wordpress_neu\/wp-json\/wp\/v2\/media?parent=3709"}],"curies":[{"name":"wp","href":"https:\/\/api.w.org\/{rel}","templated":true}]}}