{"id":3732,"date":"2021-06-11T23:35:50","date_gmt":"2021-06-11T22:35:50","guid":{"rendered":"http:\/\/www.alegro-weltweit.de\/wordpress_neu\/?page_id=3732"},"modified":"2021-06-11T23:35:50","modified_gmt":"2021-06-11T22:35:50","slug":"iniciativa-bauen-wohnen-arbeiten","status":"publish","type":"page","link":"http:\/\/www.alegro-weltweit.de\/wordpress_neu\/iniciativa-bauen-wohnen-arbeiten\/","title":{"rendered":"Iniciativa Bauen Wohnen Arbeiten"},"content":{"rendered":"\n<p>A Iniciativa Bauen Wohnen Arbeiten em Col\u00f3nia trabalha com pessoas anteriormente sem abrigo ou desempregad@s de longa dura\u00e7\u00e3o. Muitas destas pessoas s\u00e3o desfavorecidas ou limitadas de uma forma ou de outra ocupacional, social, f\u00edsica ou psicol\u00f3gica.<\/p>\n\n\n\n<p>O foco est\u00e1 no apoio com problemas de depend\u00eancia e desafios psicol\u00f3gicos. Tem como objetivo a ajuda para auto-ajuda das pessoas. A independ\u00eancia e autonomia das pessoas \u00e9 encorajada para abrir novas possibilidades para as pessoas nas suas situa\u00e7\u00f5es diferentes. Os grupos-alvo s\u00e3o fam\u00edlias, adultos, idosos e pessoas com defici\u00eancia.<\/p>\n\n\n\n<p>\u00c9 dado \u00e0s pessoas um espa\u00e7o para viver e trabalhar no projeto. Tamb\u00e9m \u00e9 oferecido aconselhamento social e forma\u00e7\u00e3o profissional. Tem trabalho na constru\u00e7\u00e3o, na oficina de madeira e metal, no jardim, com animais, na gastronomia, no servi\u00e7o, como limpador, no cuidado de crian\u00e7as ou no escrit\u00f3rio.<\/p>\n\n\n\n<p>Para ti, como volunt\u00e1rio, tem trabalho muito diversificado. Podes trabalhar em qualquer uma das \u00e1reas mencionadas e ajudar as pessoas que s\u00e3o apoiadas neste projecto.<\/p>\n\n\n\n<p>Neste projecto, o volunt\u00e1rio tem a oportunidade de conhecer uma outra realidade da vida na Alemanha.<br><\/p>\n\n\n\n<p>Mais informa\u00e7\u00f5es: <a href=\"http:\/\/www.bauenwohnenarbeiten.de\/\">http:\/\/www.bauenwohnenarbeiten.de\/<\/a><\/p>\n","protected":false},"excerpt":{"rendered":"<p>A Iniciativa Bauen Wohnen Arbeiten em Col\u00f3nia trabalha com pessoas anteriormente sem abrigo ou desempregad@s de longa dura\u00e7\u00e3o. Muitas destas pessoas s\u00e3o desfavorecidas ou limitadas de uma forma ou de<\/p>\n","protected":false},"author":5,"featured_media":0,"parent":0,"menu_order":0,"comment_status":"closed","ping_status":"closed","template":"","meta":[],"_links":{"self":[{"href":"http:\/\/www.alegro-weltweit.de\/wordpress_neu\/wp-json\/wp\/v2\/pages\/3732"}],"collection":[{"href":"http:\/\/www.alegro-weltweit.de\/wordpress_neu\/wp-json\/wp\/v2\/pages"}],"about":[{"href":"http:\/\/www.alegro-weltweit.de\/wordpress_neu\/wp-json\/wp\/v2\/types\/page"}],"author":[{"embeddable":true,"href":"http:\/\/www.alegro-weltweit.de\/wordpress_neu\/wp-json\/wp\/v2\/users\/5"}],"replies":[{"embeddable":true,"href":"http:\/\/www.alegro-weltweit.de\/wordpress_neu\/wp-json\/wp\/v2\/comments?post=3732"}],"version-history":[{"count":1,"href":"http:\/\/www.alegro-weltweit.de\/wordpress_neu\/wp-json\/wp\/v2\/pages\/3732\/revisions"}],"predecessor-version":[{"id":3734,"href":"http:\/\/www.alegro-weltweit.de\/wordpress_neu\/wp-json\/wp\/v2\/pages\/3732\/revisions\/3734"}],"wp:attachment":[{"href":"http:\/\/www.alegro-weltweit.de\/wordpress_neu\/wp-json\/wp\/v2\/media?parent=3732"}],"curies":[{"name":"wp","href":"https:\/\/api.w.org\/{rel}","templated":true}]}}

<p>A Iniciativa Bauen Wohnen Arbeiten em Colónia trabalha com pessoas anteriormente sem abrigo ou desempregad@s de longa duração. Muitas destas pessoas são desfavorecidas ou limitadas de uma forma ou de outra ocupacional, social, física ou psicológica.</p>



<p>O foco está no apoio com problemas de dependência e desafios psicológicos. Tem como objetivo a ajuda para auto-ajuda das pessoas. A independência e autonomia das pessoas é encorajada para abrir novas possibilidades para as pessoas nas suas situações diferentes. Os grupos-alvo são famílias, adultos, idosos e pessoas com deficiência.</p>



<p>É dado às pessoas um espaço para viver e trabalhar no projeto. Também é oferecido aconselhamento social e formação profissional. Tem trabalho na construção, na oficina de madeira e metal, no jardim, com animais, na gastronomia, no serviço, como limpador, no cuidado de crianças ou no escritório.</p>



<p>Para ti, como voluntário, tem trabalho muito diversificado. Podes trabalhar em qualquer uma das áreas mencionadas e ajudar as pessoas que são apoiadas neste projecto.</p>



<p>Neste projecto, o voluntário tem a oportunidade de conhecer uma outra realidade da vida na Alemanha.<br></p>



<p>Mais informações: <a href="http://www.bauenwohnenarbeiten.de/">http://www.bauenwohnenarbeiten.de/</a></p>

<p>A Iniciativa Bauen Wohnen Arbeiten em Colónia trabalha com pessoas anteriormente sem abrigo ou desempregad@s de longa duração. Muitas destas pessoas são desfavorecidas ou limitadas de uma forma ou de</p>
